Last updated on 2025-06-30 15:49:40 CEST.
Flavor | Version | Tinstall | Tcheck | Ttotal | Status | Flags |
---|---|---|---|---|---|---|
r-devel-linux-x86_64-debian-clang | 0.1.2 | 7.19 | 55.47 | 62.66 | OK | |
r-devel-linux-x86_64-debian-gcc | 0.1.2 | 4.09 | 39.62 | 43.71 | OK | |
r-devel-linux-x86_64-fedora-clang | 0.1.2 | 93.60 | OK | |||
r-devel-linux-x86_64-fedora-gcc | 0.1.2 | 89.50 | OK | |||
r-devel-windows-x86_64 | 0.1.2 | 8.00 | 78.00 | 86.00 | OK | |
r-patched-linux-x86_64 | OK | |||||
r-release-linux-x86_64 | 0.1.2 | 5.61 | 51.55 | 57.16 | OK | |
r-release-macos-arm64 | 0.1.2 | 30.00 | OK | |||
r-release-macos-x86_64 | 0.1.2 | 59.00 | OK | |||
r-release-windows-x86_64 | 0.1.2 | 7.00 | 75.00 | 82.00 | OK | |
r-oldrel-macos-arm64 | 0.1.2 | 31.00 | NOTE | |||
r-oldrel-macos-x86_64 | 0.1.2 | 45.00 | NOTE | |||
r-oldrel-windows-x86_64 | 0.1.2 | 10.00 | 83.00 | 93.00 | NOTE |
Version: 0.1.2
Check: LazyData
Result: NOTE
'LazyData' is specified without a 'data' directory
Flavors: r-oldrel-macos-arm64, r-oldrel-macos-x86_64, r-oldrel-windows-x86_64