CRAN Package Check Results for Package gquad

Last updated on 2025-06-30 15:49:40 CEST.

Flavor Version Tinstall Tcheck Ttotal Status Flags
r-devel-linux-x86_64-debian-clang 2.1-2 4.64 37.99 42.63 NOTE
r-devel-linux-x86_64-debian-gcc 2.1-2 3.37 28.93 32.30 NOTE
r-devel-linux-x86_64-fedora-clang 2.1-2 67.19 OK
r-devel-linux-x86_64-fedora-gcc 2.1-2 76.49 OK
r-devel-windows-x86_64 2.1-2 6.00 67.00 73.00 OK
r-patched-linux-x86_64 OK
r-release-linux-x86_64 2.1-2 4.27 36.20 40.47 OK
r-release-macos-arm64 2.1-2 46.00 OK
r-release-macos-x86_64 2.1-2 53.00 OK
r-release-windows-x86_64 2.1-2 7.00 64.00 71.00 OK
r-oldrel-macos-arm64 2.1-2 29.00 OK
r-oldrel-macos-x86_64 2.1-2 43.00 OK
r-oldrel-windows-x86_64 2.1-2 8.00 70.00 78.00 OK

Check Details

Version: 2.1-2
Check: CRAN incoming feasibility
Result: NOTE Maintainer: ‘Hannah O. Ajoge <ohuajo@gmail.com>’ No Authors@R field in DESCRIPTION. Please add one, modifying Authors@R: person(given = c("Hannah", "O."), family = "Ajoge", role = c("aut", "cre"), email = "ohuajo@gmail.com") as necessary. Flavors: r-devel-linux-x86_64-debian-clang, r-devel-linux-x86_64-debian-gcc