CRAN Package Check Results for Package gqlr

Last updated on 2025-06-30 15:49:40 CEST.

Flavor Version Tinstall Tcheck Ttotal Status Flags
r-devel-linux-x86_64-debian-clang 0.0.2 12.17 173.16 185.33 OK
r-devel-linux-x86_64-debian-gcc 0.0.2 9.41 116.70 126.11 OK
r-devel-linux-x86_64-fedora-clang 0.0.2 290.48 OK
r-devel-linux-x86_64-fedora-gcc 0.0.2 330.70 OK
r-devel-windows-x86_64 0.0.2 15.00 168.00 183.00 OK
r-patched-linux-x86_64 OK
r-release-linux-x86_64 0.0.2 12.35 164.76 177.11 OK
r-release-macos-arm64 0.0.2 76.00 OK
r-release-macos-x86_64 0.0.2 158.00 OK
r-release-windows-x86_64 0.0.2 15.00 161.00 176.00 OK
r-oldrel-macos-arm64 0.0.2 70.00 NOTE
r-oldrel-macos-x86_64 0.0.2 114.00 NOTE
r-oldrel-windows-x86_64 0.0.2 18.00 219.00 237.00 NOTE

Check Details

Version: 0.0.2
Check: LazyData
Result: NOTE 'LazyData' is specified without a 'data' directory Flavors: r-oldrel-macos-arm64, r-oldrel-macos-x86_64, r-oldrel-windows-x86_64