Last updated on 2025-05-03 22:49:55 CEST.
Flavor | Version | Tinstall | Tcheck | Ttotal | Status | Flags |
---|---|---|---|---|---|---|
r-devel-linux-x86_64-debian-clang | 0.7-4 | 6.79 | 77.71 | 84.50 | NOTE | |
r-devel-linux-x86_64-debian-gcc | 0.7-4 | 6.10 | 56.83 | 62.93 | NOTE | |
r-devel-linux-x86_64-fedora-clang | 0.7-4 | 134.62 | NOTE | |||
r-devel-linux-x86_64-fedora-gcc | 0.7-4 | 151.31 | NOTE | |||
r-devel-windows-x86_64 | 0.7-4 | 12.00 | 115.00 | 127.00 | OK | |
r-patched-linux-x86_64 | 0.7-4 | 7.74 | 76.24 | 83.98 | OK | |
r-release-linux-x86_64 | OK | |||||
r-release-macos-arm64 | 0.7-4 | 60.00 | OK | |||
r-release-macos-x86_64 | 0.7-4 | 90.00 | OK | |||
r-release-windows-x86_64 | 0.7-4 | 12.00 | 114.00 | 126.00 | OK | |
r-oldrel-macos-arm64 | 0.7-4 | 49.00 | OK | |||
r-oldrel-macos-x86_64 | 0.7-4 | 70.00 | OK | |||
r-oldrel-windows-x86_64 | 0.7-4 | 15.00 | 130.00 | 145.00 | OK |
Version: 0.7-4
Check: CRAN incoming feasibility
Result: NOTE
Maintainer: ‘Marlene Mueller <marlene.mueller@gmx.de>’
No Authors@R field in DESCRIPTION.
Please add one, modifying
Authors@R: person(given = "Marlene",
family = "Mueller",
role = c("aut", "cre"),
email = "marlene.mueller@gmx.de")
as necessary.
Flavors: r-devel-linux-x86_64-debian-clang, r-devel-linux-x86_64-debian-gcc
Version: 0.7-4
Check: compiled code
Result: NOTE
File ‘gplm/libs/gplm.so’:
Found no calls to: ‘R_registerRoutines’, ‘R_useDynamicSymbols’
It is good practice to register native routines and to disable symbol
search.
See ‘Writing portable packages’ in the ‘Writing R Extensions’ manual.
Flavors: r-devel-linux-x86_64-fedora-clang, r-devel-linux-x86_64-fedora-gcc