Last updated on 2025-11-24 07:50:02 CET.
| Flavor | Version | Tinstall | Tcheck | Ttotal | Status | Flags |
|---|---|---|---|---|---|---|
| r-devel-linux-x86_64-debian-clang | 0.0.3 | 1.64 | 22.62 | 24.26 | NOTE | |
| r-devel-linux-x86_64-debian-gcc | 0.0.3 | 1.49 | 18.61 | 20.10 | NOTE | |
| r-devel-linux-x86_64-fedora-clang | 0.0.3 | 35.25 | NOTE | |||
| r-devel-linux-x86_64-fedora-gcc | 0.0.3 | 31.47 | NOTE | |||
| r-devel-windows-x86_64 | 0.0.3 | 4.00 | 40.00 | 44.00 | NOTE | |
| r-patched-linux-x86_64 | 0.0.3 | 2.12 | 19.90 | 22.02 | NOTE | |
| r-release-linux-x86_64 | 0.0.3 | 1.87 | 19.55 | 21.42 | NOTE | |
| r-release-macos-arm64 | 0.0.3 | NOTE | ||||
| r-release-macos-x86_64 | 0.0.3 | 2.00 | 27.00 | 29.00 | NOTE | |
| r-release-windows-x86_64 | 0.0.3 | 3.00 | 48.00 | 51.00 | NOTE | |
| r-oldrel-macos-arm64 | 0.0.3 | OK | ||||
| r-oldrel-macos-x86_64 | 0.0.3 | 2.00 | 28.00 | 30.00 | OK | |
| r-oldrel-windows-x86_64 | 0.0.3 | 4.00 | 44.00 | 48.00 | OK |
Version: 0.0.3
Check: DESCRIPTION meta-information
Result: NOTE
Missing dependency on R >= 4.1.0 because package code uses the pipe
|> or function shorthand \(...) syntax added in R 4.1.0.
File(s) using such syntax:
‘collections.R’ ‘packages.R’ ‘published.R’ ‘related.R’ ‘utils.R’
Flavors: r-devel-linux-x86_64-debian-clang, r-devel-linux-x86_64-debian-gcc, r-devel-linux-x86_64-fedora-clang, r-devel-linux-x86_64-fedora-gcc, r-devel-windows-x86_64, r-patched-linux-x86_64, r-release-linux-x86_64, r-release-macos-arm64, r-release-macos-x86_64, r-release-windows-x86_64