Last updated on 2025-02-22 12:50:34 CET.
Flavor | Version | Tinstall | Tcheck | Ttotal | Status | Flags |
---|---|---|---|---|---|---|
r-devel-linux-x86_64-debian-clang | 0.10.1 | 2.04 | 19.02 | 21.06 | OK | |
r-devel-linux-x86_64-debian-gcc | 0.10.1 | 1.53 | 15.38 | 16.91 | OK | |
r-devel-linux-x86_64-fedora-clang | 0.10.1 | 32.61 | OK | |||
r-devel-linux-x86_64-fedora-gcc | 0.10.1 | 31.94 | OK | |||
r-devel-macos-arm64 | 0.10.1 | 17.00 | OK | |||
r-devel-macos-x86_64 | 0.10.1 | 26.00 | OK | |||
r-devel-windows-x86_64 | 0.10.1 | 4.00 | 41.00 | 45.00 | OK | |
r-patched-linux-x86_64 | 0.10.1 | 1.63 | 17.86 | 19.49 | NOTE | |
r-release-linux-x86_64 | 0.10.1 | 1.95 | 18.10 | 20.05 | NOTE | |
r-release-macos-arm64 | 0.10.1 | 16.00 | NOTE | |||
r-release-macos-x86_64 | 0.10.1 | 22.00 | NOTE | |||
r-release-windows-x86_64 | 0.10.1 | 4.00 | 41.00 | 45.00 | NOTE | |
r-oldrel-macos-arm64 | 0.10.1 | 16.00 | NOTE | |||
r-oldrel-macos-x86_64 | 0.10.1 | 21.00 | NOTE | |||
r-oldrel-windows-x86_64 | 0.10.1 | 4.00 | 41.00 | 45.00 | NOTE |
Version: 0.10.1
Check: LazyData
Result: NOTE
'LazyData' is specified without a 'data' directory
Flavors: r-patched-linux-x86_64, r-release-linux-x86_64, r-release-macos-arm64, r-release-macos-x86_64, r-release-windows-x86_64, r-oldrel-macos-arm64, r-oldrel-macos-x86_64, r-oldrel-windows-x86_64