Last updated on 2025-02-21 13:50:50 CET.
Flavor | Version | Tinstall | Tcheck | Ttotal | Status | Flags |
---|---|---|---|---|---|---|
r-devel-linux-x86_64-debian-clang | 2.0 | 405.98 | 367.95 | 773.93 | OK | |
r-devel-linux-x86_64-debian-gcc | 2.0 | 366.10 | 296.67 | 662.77 | OK | |
r-devel-linux-x86_64-fedora-clang | 2.0 | 1803.48 | OK | |||
r-devel-linux-x86_64-fedora-gcc | 2.0 | 1456.79 | OK | |||
r-devel-macos-arm64 | 2.0 | 352.00 | OK | |||
r-devel-macos-x86_64 | 2.0 | 707.00 | OK | |||
r-devel-windows-x86_64 | 2.0 | 370.00 | 468.00 | 838.00 | OK | |
r-patched-linux-x86_64 | 2.0 | 472.04 | 375.65 | 847.69 | OK | |
r-release-linux-x86_64 | 2.0 | 482.45 | 366.74 | 849.19 | OK | |
r-release-macos-arm64 | 2.0 | 337.00 | NOTE | |||
r-release-macos-x86_64 | 2.0 | 538.00 | NOTE | |||
r-release-windows-x86_64 | 2.0 | 375.00 | 459.00 | 834.00 | NOTE | |
r-oldrel-macos-arm64 | 2.0 | 340.00 | NOTE | |||
r-oldrel-macos-x86_64 | 2.0 | 585.00 | NOTE | |||
r-oldrel-windows-x86_64 | 2.0 | 631.00 | 480.00 | 1111.00 | NOTE |
Version: 2.0
Check: installed package size
Result: NOTE
installed size is 207.6Mb
sub-directories of 1Mb or more:
doc 1.9Mb
libs 204.4Mb
Flavors: r-release-macos-arm64, r-release-macos-x86_64, r-release-windows-x86_64, r-oldrel-macos-arm64, r-oldrel-macos-x86_64, r-oldrel-windows-x86_64