CRAN Package Check Results for Package ggsom

Last updated on 2025-11-24 07:50:02 CET.

Flavor Version Tinstall Tcheck Ttotal Status Flags
r-devel-linux-x86_64-debian-clang 0.4.0 6.29 57.55 63.84 NOTE
r-devel-linux-x86_64-debian-gcc 0.4.0 5.05 42.91 47.96 NOTE
r-devel-linux-x86_64-fedora-clang 0.4.0 18.00 81.34 99.34 OK
r-devel-linux-x86_64-fedora-gcc 0.4.0 18.00 75.34 93.34 OK
r-devel-windows-x86_64 0.4.0 11.00 67.00 78.00 OK
r-patched-linux-x86_64 0.4.0 6.98 54.47 61.45 OK
r-release-linux-x86_64 0.4.0 5.43 54.28 59.71 OK
r-release-macos-arm64 0.4.0 OK
r-release-macos-x86_64 0.4.0 5.00 40.00 45.00 OK
r-release-windows-x86_64 0.4.0 8.00 66.00 74.00 OK
r-oldrel-macos-arm64 0.4.0 NOTE
r-oldrel-macos-x86_64 0.4.0 4.00 35.00 39.00 NOTE
r-oldrel-windows-x86_64 0.4.0 11.00 81.00 92.00 NOTE

Check Details

Version: 0.4.0
Check: CRAN incoming feasibility
Result: NOTE Maintainer: ‘Felipe Carvalho <lipecaso@gmail.com>’ Package CITATION file contains call(s) to old-style personList() or as.personList(). Please use c() on person objects instead. Package CITATION file contains call(s) to old-style citEntry(). Please use bibentry() instead. Flavors: r-devel-linux-x86_64-debian-clang, r-devel-linux-x86_64-debian-gcc

Version: 0.4.0
Check: LazyData
Result: NOTE 'LazyData' is specified without a 'data' directory Flavors: r-oldrel-macos-arm64, r-oldrel-macos-x86_64, r-oldrel-windows-x86_64