Last updated on 2024-05-11 12:48:01 CEST.
Flavor | Version | Tinstall | Tcheck | Ttotal | Status | Flags |
---|---|---|---|---|---|---|
r-devel-linux-x86_64-debian-clang | 0.5.4 | 6.59 | 100.76 | 107.35 | WARN | |
r-devel-linux-x86_64-debian-gcc | 0.5.4 | 5.69 | 71.84 | 77.53 | OK | |
r-devel-linux-x86_64-fedora-clang | 0.5.4 | 128.47 | OK | |||
r-devel-linux-x86_64-fedora-gcc | 0.5.4 | 169.73 | OK | |||
r-devel-windows-x86_64 | 0.5.4 | 9.00 | 94.00 | 103.00 | OK | |
r-patched-linux-x86_64 | 0.5.4 | 12.79 | 92.51 | 105.30 | OK | |
r-release-linux-x86_64 | 0.5.4 | 8.43 | 92.62 | 101.05 | OK | |
r-release-macos-arm64 | 0.5.4 | 38.00 | OK | |||
r-release-windows-x86_64 | 0.5.4 | 10.00 | 90.00 | 100.00 | OK | |
r-oldrel-macos-arm64 | 0.5.4 | 40.00 | OK | |||
r-oldrel-macos-x86_64 | 0.5.4 | 68.00 | OK | |||
r-oldrel-windows-x86_64 | 0.5.4 | 12.00 | 102.00 | 114.00 | OK |
Version: 0.5.4
Check: dependencies in R code
Result: NOTE
Fortran STOP
IEEE arithmetic exceptions signaled: INEXACT
Flavor: r-devel-linux-x86_64-debian-clang
Version: 0.5.4
Check: S3 generic/method consistency
Result: WARN
Fortran STOP
IEEE arithmetic exceptions signaled: INEXACT
See section ‘Generic functions and methods’ in the ‘Writing R
Extensions’ manual.
Flavor: r-devel-linux-x86_64-debian-clang
Version: 0.5.4
Check: replacement functions
Result: WARN
Fortran STOP
IEEE arithmetic exceptions signaled: INEXACT
The argument of a replacement function which corresponds to the right
hand side must be named ‘value’.
Flavor: r-devel-linux-x86_64-debian-clang
Version: 0.5.4
Check: foreign function calls
Result: NOTE
Fortran STOP
IEEE arithmetic exceptions signaled: INEXACT
See chapter ‘System and foreign language interfaces’ in the ‘Writing R
Extensions’ manual.
Flavor: r-devel-linux-x86_64-debian-clang
Version: 0.5.4
Check: R code for possible problems
Result: NOTE
Fortran STOP
IEEE arithmetic exceptions signaled: INEXACT
Fortran STOP
IEEE arithmetic exceptions signaled: INEXACT
Fortran STOP
IEEE arithmetic exceptions signaled: INEXACT
Flavor: r-devel-linux-x86_64-debian-clang
Version: 0.5.4
Check: for missing documentation entries
Result: WARN
Fortran STOP
IEEE arithmetic exceptions signaled: INEXACT
All user-level objects in a package should have documentation entries.
See chapter ‘Writing R documentation files’ in the ‘Writing R
Extensions’ manual.
Flavor: r-devel-linux-x86_64-debian-clang
Version: 0.5.4
Check: for code/documentation mismatches
Result: WARN
Fortran STOP
IEEE arithmetic exceptions signaled: INEXACT
Fortran STOP
IEEE arithmetic exceptions signaled: INEXACT
Fortran STOP
IEEE arithmetic exceptions signaled: INEXACT
Flavor: r-devel-linux-x86_64-debian-clang
Version: 0.5.4
Check: Rd \usage sections
Result: NOTE
Fortran STOP
IEEE arithmetic exceptions signaled: INEXACT
The \usage entries for S3 methods should use the \method markup and not
their full name.
See chapter ‘Writing R documentation files’ in the ‘Writing R
Extensions’ manual.
Flavor: r-devel-linux-x86_64-debian-clang