CRAN Package Check Results for Package ggreveal

Last updated on 2025-06-30 15:49:39 CEST.

Flavor Version Tinstall Tcheck Ttotal Status Flags
r-devel-linux-x86_64-debian-clang 0.1.4 3.01 157.46 160.47 NOTE
r-devel-linux-x86_64-debian-gcc 0.1.4 2.17 106.79 108.96 NOTE
r-devel-linux-x86_64-fedora-clang 0.1.4 224.81 NOTE
r-devel-linux-x86_64-fedora-gcc 0.1.4 229.18 NOTE
r-devel-windows-x86_64 0.1.4 4.00 147.00 151.00 NOTE
r-patched-linux-x86_64 NOTE
r-release-linux-x86_64 0.1.4 2.93 149.51 152.44 NOTE
r-release-macos-arm64 0.1.4 70.00 NOTE
r-release-macos-x86_64 0.1.4 146.00 OK
r-release-windows-x86_64 0.1.4 5.00 148.00 153.00 NOTE
r-oldrel-macos-arm64 0.1.4 71.00 OK
r-oldrel-macos-x86_64 0.1.4 128.00 OK
r-oldrel-windows-x86_64 0.1.4 6.00 193.00 199.00 OK

Check Details

Version: 0.1.4
Check: DESCRIPTION meta-information
Result: NOTE Missing dependency on R >= 4.1.0 because package code uses the pipe |> or function shorthand \(...) syntax added in R 4.1.0. File(s) using such syntax: ‘reveal_aes.Rd’ ‘reveal_axis.Rd’ ‘reveal_groups.Rd’ ‘reveal_layers.Rd’ ‘reveal_panels.Rd’ ‘reveal_save.Rd’ Flavors: r-devel-linux-x86_64-debian-clang, r-devel-linux-x86_64-debian-gcc, r-devel-linux-x86_64-fedora-clang, r-devel-linux-x86_64-fedora-gcc, r-devel-windows-x86_64, r-patched-linux-x86_64, r-release-linux-x86_64, r-release-macos-arm64, r-release-windows-x86_64