CRAN Package Check Results for Package ggforce

Last updated on 2025-06-30 15:49:39 CEST.

Flavor Version Tinstall Tcheck Ttotal Status Flags
r-devel-linux-x86_64-debian-clang 0.5.0 41.02 144.68 185.70 OK
r-devel-linux-x86_64-debian-gcc 0.5.0 39.66 96.01 135.67 OK
r-devel-linux-x86_64-fedora-clang 0.5.0 333.15 OK
r-devel-linux-x86_64-fedora-gcc 0.5.0 298.90 OK
r-devel-windows-x86_64 0.5.0 61.00 163.00 224.00 OK
r-patched-linux-x86_64 OK
r-release-linux-x86_64 0.5.0 53.31 134.31 187.62 OK
r-release-macos-arm64 0.5.0 79.00 OK
r-release-macos-x86_64 0.5.0 144.00 OK
r-release-windows-x86_64 0.5.0 63.00 164.00 227.00 OK
r-oldrel-macos-arm64 0.5.0 78.00 NOTE
r-oldrel-macos-x86_64 0.5.0 141.00 NOTE
r-oldrel-windows-x86_64 0.5.0 77.00 203.00 280.00 OK

Check Details

Version: 0.5.0
Check: installed package size
Result: NOTE installed size is 5.7Mb sub-directories of 1Mb or more: help 1.2Mb libs 3.7Mb Flavors: r-oldrel-macos-arm64, r-oldrel-macos-x86_64