Last updated on 2024-05-12 13:56:50 CEST.
Flavor | Version | Tinstall | Tcheck | Ttotal | Status | Flags |
---|---|---|---|---|---|---|
r-devel-linux-x86_64-debian-clang | 0.6.0 | 330.75 | 531.50 | 862.25 | NOTE | |
r-devel-linux-x86_64-debian-gcc | 0.6.1 | 291.56 | 442.42 | 733.98 | NOTE | |
r-devel-linux-x86_64-fedora-clang | 0.6.0 | 1077.46 | NOTE | |||
r-devel-linux-x86_64-fedora-gcc | 0.6.1 | 1295.72 | NOTE | |||
r-devel-windows-x86_64 | 0.6.1 | 198.00 | 508.00 | 706.00 | NOTE | |
r-patched-linux-x86_64 | 0.6.0 | 268.86 | 547.90 | 816.76 | NOTE | |
r-release-linux-x86_64 | 0.6.0 | 0.03 | 2.97 | 3.00 | ERROR | |
r-release-macos-arm64 | 0.6.1 | 312.00 | NOTE | |||
r-release-macos-x86_64 | 0.6.1 | 915.00 | NOTE | |||
r-release-windows-x86_64 | 0.6.1 | 218.00 | 553.00 | 771.00 | NOTE | |
r-oldrel-macos-arm64 | 0.6.1 | 335.00 | NOTE | |||
r-oldrel-macos-x86_64 | 0.6.1 | 690.00 | NOTE | |||
r-oldrel-windows-x86_64 | 0.6.1 | 195.00 | 492.00 | 687.00 | NOTE |
Version: 0.6.0
Check: for GNU extensions in Makefiles
Result: NOTE
GNU make is a SystemRequirements.
Flavors: r-devel-linux-x86_64-debian-clang, r-devel-linux-x86_64-fedora-clang, r-patched-linux-x86_64
Version: 0.6.1
Check: for GNU extensions in Makefiles
Result: NOTE
GNU make is a SystemRequirements.
Flavors: r-devel-linux-x86_64-debian-gcc, r-devel-linux-x86_64-fedora-gcc, r-devel-windows-x86_64, r-release-macos-arm64, r-release-macos-x86_64, r-release-windows-x86_64, r-oldrel-macos-arm64, r-oldrel-macos-x86_64, r-oldrel-windows-x86_64
Version: 0.6.0
Check: installed package size
Result: NOTE
installed size is 6.1Mb
sub-directories of 1Mb or more:
libs 4.2Mb
Flavor: r-devel-linux-x86_64-fedora-clang
Version: 0.6.0
Check: dependencies in R code
Result: NOTE
Namespaces in Imports field not imported from:
‘RcppParallel’ ‘rstantools’
All declared Imports should be used.
Flavor: r-devel-linux-x86_64-fedora-clang
Version: 0.6.1
Check: dependencies in R code
Result: NOTE
Namespaces in Imports field not imported from:
‘RcppParallel’ ‘rstantools’
All declared Imports should be used.
Flavor: r-devel-linux-x86_64-fedora-gcc
Version: 0.6.0
Check: whether package can be installed
Result: ERROR
Installation failed.
Flavor: r-release-linux-x86_64
Version: 0.6.1
Check: installed package size
Result: NOTE
installed size is 103.1Mb
sub-directories of 1Mb or more:
libs 101.2Mb
Flavors: r-release-macos-arm64, r-release-macos-x86_64, r-oldrel-macos-arm64, r-oldrel-macos-x86_64