Last updated on 2025-11-25 07:49:57 CET.
| Flavor | Version | Tinstall | Tcheck | Ttotal | Status | Flags |
|---|---|---|---|---|---|---|
| r-devel-linux-x86_64-debian-clang | 0.3.4 | 112.99 | 536.08 | 649.07 | OK | |
| r-devel-linux-x86_64-debian-gcc | 0.3.4 | 0.32 | 2.81 | 3.13 | ERROR | |
| r-devel-linux-x86_64-fedora-clang | 0.3.4 | 3.26 | ERROR | |||
| r-devel-linux-x86_64-fedora-gcc | 0.3.4 | 3.09 | ERROR | |||
| r-devel-windows-x86_64 | 0.3.4 | 128.00 | 492.00 | 620.00 | OK | |
| r-patched-linux-x86_64 | 0.3.4 | 114.51 | 505.75 | 620.26 | OK | |
| r-release-linux-x86_64 | 0.3.4 | 108.66 | 502.84 | 611.50 | OK | |
| r-release-macos-arm64 | 0.3.4 | OK | ||||
| r-release-macos-x86_64 | 0.3.4 | 52.00 | 381.00 | 433.00 | OK | |
| r-release-windows-x86_64 | 0.3.4 | 122.00 | 482.00 | 604.00 | OK | |
| r-oldrel-macos-arm64 | 0.3.4 | NOTE | ||||
| r-oldrel-macos-x86_64 | 0.3.4 | 45.00 | 310.00 | 355.00 | NOTE | |
| r-oldrel-windows-x86_64 | 0.3.4 | 150.00 | 645.00 | 795.00 | NOTE |
Version: 0.3.4
Check: package dependencies
Result: ERROR
Package required but not available: ‘tmap’
See section ‘The DESCRIPTION file’ in the ‘Writing R Extensions’
manual.
Flavors: r-devel-linux-x86_64-debian-gcc, r-devel-linux-x86_64-fedora-clang, r-devel-linux-x86_64-fedora-gcc
Version: 0.3.4
Check: installed package size
Result: NOTE
installed size is 9.5Mb
sub-directories of 1Mb or more:
extdata 3.0Mb
libs 4.0Mb
Flavors: r-oldrel-macos-arm64, r-oldrel-macos-x86_64, r-oldrel-windows-x86_64