Last updated on 2025-02-22 12:50:30 CET.
Flavor | Version | Tinstall | Tcheck | Ttotal | Status | Flags |
---|---|---|---|---|---|---|
r-devel-linux-x86_64-debian-clang | 1.0-2 | 9.29 | 117.60 | 126.89 | NOTE | |
r-devel-linux-x86_64-debian-gcc | 1.0-2 | 6.79 | 76.26 | 83.05 | NOTE | |
r-devel-linux-x86_64-fedora-clang | 1.0-2 | 201.23 | NOTE | |||
r-devel-linux-x86_64-fedora-gcc | 1.0-2 | 193.04 | NOTE | |||
r-devel-macos-arm64 | 1.0-2 | 55.00 | NOTE | |||
r-devel-macos-x86_64 | 1.0-2 | 201.00 | NOTE | |||
r-devel-windows-x86_64 | 1.0-2 | 12.00 | 128.00 | 140.00 | NOTE | |
r-patched-linux-x86_64 | 1.0-2 | 10.09 | 110.62 | 120.71 | NOTE | |
r-release-linux-x86_64 | 1.0-2 | 9.94 | 110.40 | 120.34 | NOTE | |
r-release-macos-arm64 | 1.0-2 | 57.00 | NOTE | |||
r-release-macos-x86_64 | 1.0-2 | 86.00 | NOTE | |||
r-release-windows-x86_64 | 1.0-2 | 14.00 | 125.00 | 139.00 | NOTE | |
r-oldrel-macos-arm64 | 1.0-2 | 47.00 | OK | |||
r-oldrel-macos-x86_64 | 1.0-2 | 152.00 | OK | |||
r-oldrel-windows-x86_64 | 1.0-2 | 17.00 | 161.00 | 178.00 | OK |
Version: 1.0-2
Check: Rd files
Result: NOTE
checkRd: (-1) parkinson.Rd:9: Lost braces in \itemize; meant \describe ?
checkRd: (-1) parkinson.Rd:10: Lost braces in \itemize; meant \describe ?
checkRd: (-1) parkinson.Rd:11: Lost braces in \itemize; meant \describe ?
Flavors: r-devel-linux-x86_64-debian-clang, r-devel-linux-x86_64-debian-gcc, r-devel-linux-x86_64-fedora-clang, r-devel-linux-x86_64-fedora-gcc, r-devel-macos-arm64, r-devel-macos-x86_64, r-devel-windows-x86_64, r-patched-linux-x86_64, r-release-linux-x86_64, r-release-macos-arm64, r-release-macos-x86_64, r-release-windows-x86_64