CRAN Package Check Results for Package gdm

Last updated on 2025-06-30 15:49:39 CEST.

Flavor Version Tinstall Tcheck Ttotal Status Flags
r-devel-linux-x86_64-debian-clang 1.6.0-7 20.15 118.28 138.43 OK
r-devel-linux-x86_64-debian-gcc 1.6.0-7 14.01 80.81 94.82 OK
r-devel-linux-x86_64-fedora-clang 1.6.0-7 213.40 OK
r-devel-linux-x86_64-fedora-gcc 1.6.0-7 207.08 OK
r-devel-windows-x86_64 1.6.0-7 38.00 139.00 177.00 OK
r-patched-linux-x86_64 OK
r-release-linux-x86_64 1.6.0-7 17.69 110.82 128.51 OK
r-release-macos-arm64 1.6.0-7 59.00 OK
r-release-macos-x86_64 1.6.0-7 147.00 OK
r-release-windows-x86_64 1.6.0-7 38.00 135.00 173.00 OK
r-oldrel-macos-arm64 1.6.0-7 59.00 NOTE
r-oldrel-macos-x86_64 1.6.0-7 146.00 NOTE
r-oldrel-windows-x86_64 1.6.0-7 45.00 171.00 216.00 NOTE

Check Details

Version: 1.6.0-7
Check: installed package size
Result: NOTE installed size is 5.1Mb sub-directories of 1Mb or more: extdata 3.8Mb Flavors: r-oldrel-macos-arm64, r-oldrel-macos-x86_64, r-oldrel-windows-x86_64