Last updated on 2025-06-30 15:49:39 CEST.
Flavor | Version | Tinstall | Tcheck | Ttotal | Status | Flags |
---|---|---|---|---|---|---|
r-devel-linux-x86_64-debian-clang | 2.0.0 | 141.25 | 198.94 | 340.19 | OK | |
r-devel-linux-x86_64-debian-gcc | 2.0.0 | 113.24 | 133.67 | 246.91 | OK | |
r-devel-linux-x86_64-fedora-clang | 2.0.0 | 645.04 | OK | |||
r-devel-linux-x86_64-fedora-gcc | 2.0.0 | 634.95 | OK | |||
r-devel-windows-x86_64 | 2.0.0 | 184.00 | 773.00 | 957.00 | OK | |
r-patched-linux-x86_64 | OK | |||||
r-release-linux-x86_64 | 2.0.0 | 159.58 | 186.60 | 346.18 | OK | |
r-release-macos-arm64 | 2.0.0 | 164.00 | OK | |||
r-release-macos-x86_64 | 2.0.0 | 294.00 | OK | |||
r-release-windows-x86_64 | 2.0.0 | 185.00 | 794.00 | 979.00 | OK | |
r-oldrel-macos-arm64 | 2.0.0 | 160.00 | NOTE | |||
r-oldrel-macos-x86_64 | 2.0.0 | 318.00 | NOTE | |||
r-oldrel-windows-x86_64 | 2.0.0 | 211.00 | 1002.00 | 1213.00 | NOTE |
Version: 2.0.0
Check: installed package size
Result: NOTE
installed size is 76.1Mb
sub-directories of 1Mb or more:
doc 1.4Mb
extdata 2.0Mb
libs 71.8Mb
Flavors: r-oldrel-macos-arm64, r-oldrel-macos-x86_64, r-oldrel-windows-x86_64