Last updated on 2025-06-30 15:49:39 CEST.
Flavor | Version | Tinstall | Tcheck | Ttotal | Status | Flags |
---|---|---|---|---|---|---|
r-devel-linux-x86_64-debian-clang | 0.2.2 | 56.60 | 156.18 | 212.78 | OK | |
r-devel-linux-x86_64-debian-gcc | 0.2.2 | 43.32 | 117.49 | 160.81 | OK | |
r-devel-linux-x86_64-fedora-clang | 0.2.2 | 330.12 | OK | |||
r-devel-linux-x86_64-fedora-gcc | 0.2.2 | 364.35 | OK | |||
r-devel-windows-x86_64 | 0.2.2 | 59.00 | 194.00 | 253.00 | OK | |
r-patched-linux-x86_64 | OK | |||||
r-release-linux-x86_64 | 0.2.2 | 59.01 | 153.65 | 212.66 | OK | |
r-release-macos-arm64 | 0.2.2 | 113.00 | OK | |||
r-release-macos-x86_64 | 0.2.2 | 284.00 | OK | |||
r-release-windows-x86_64 | 0.2.2 | 61.00 | 189.00 | 250.00 | OK | |
r-oldrel-macos-arm64 | 0.2.2 | 111.00 | NOTE | |||
r-oldrel-macos-x86_64 | 0.2.2 | 307.00 | NOTE | |||
r-oldrel-windows-x86_64 | 0.2.2 | 71.00 | 244.00 | 315.00 | OK |
Version: 0.2.2
Check: installed package size
Result: NOTE
installed size is 25.2Mb
sub-directories of 1Mb or more:
doc 2.0Mb
libs 21.6Mb
Flavors: r-oldrel-macos-arm64, r-oldrel-macos-x86_64