CRAN Package Check Results for Package g3viz

Last updated on 2025-06-30 15:49:39 CEST.

Flavor Version Tinstall Tcheck Ttotal Status Flags
r-devel-linux-x86_64-debian-clang 1.2.0 18.69 166.24 184.93 OK
r-devel-linux-x86_64-debian-gcc 1.2.0 12.88 116.38 129.26 OK
r-devel-linux-x86_64-fedora-clang 1.2.0 293.31 OK
r-devel-linux-x86_64-fedora-gcc 1.2.0 286.49 OK
r-devel-windows-x86_64 1.2.0 18.00 153.00 171.00 OK
r-patched-linux-x86_64 OK
r-release-linux-x86_64 1.2.0 16.55 152.64 169.19 OK
r-release-macos-arm64 1.2.0 5.00 ERROR
r-release-macos-x86_64 1.2.0 140.00 OK
r-release-windows-x86_64 1.2.0 19.00 148.00 167.00 OK
r-oldrel-macos-arm64 1.2.0 74.00 OK
r-oldrel-macos-x86_64 1.2.0 173.00 OK
r-oldrel-windows-x86_64 1.2.0 25.00 194.00 219.00 OK

Check Details

Version: 1.2.0
Check: package dependencies
Result: ERROR Package required but not available: ‘org.Hs.eg.db’ See section ‘The DESCRIPTION file’ in the ‘Writing R Extensions’ manual. Flavor: r-release-macos-arm64