Last updated on 2025-11-24 07:50:01 CET.
| Flavor | Version | Tinstall | Tcheck | Ttotal | Status | Flags |
|---|---|---|---|---|---|---|
| r-devel-linux-x86_64-debian-clang | 0.3.7 | 6.94 | 38.47 | 45.41 | NOTE | |
| r-devel-linux-x86_64-debian-gcc | 0.3.7 | 5.62 | 32.50 | 38.12 | NOTE | |
| r-devel-linux-x86_64-fedora-clang | 0.3.7 | 44.00 | 27.18 | 71.18 | NOTE | |
| r-devel-linux-x86_64-fedora-gcc | 0.3.7 | 14.00 | 50.45 | 64.45 | NOTE | |
| r-devel-windows-x86_64 | 0.3.7 | 13.00 | 63.00 | 76.00 | NOTE | |
| r-patched-linux-x86_64 | 0.3.7 | 7.76 | 35.63 | 43.39 | NOTE | |
| r-release-linux-x86_64 | 0.3.7 | 7.64 | 35.53 | 43.17 | NOTE | |
| r-release-macos-arm64 | 0.3.7 | NOTE | ||||
| r-release-macos-x86_64 | 0.3.7 | 17.00 | 64.00 | 81.00 | NOTE | |
| r-release-windows-x86_64 | 0.3.7 | 11.00 | 60.00 | 71.00 | NOTE | |
| r-oldrel-macos-arm64 | 0.3.7 | OK | ||||
| r-oldrel-macos-x86_64 | 0.3.7 | 9.00 | 46.00 | 55.00 | OK | |
| r-oldrel-windows-x86_64 | 0.3.7 | 14.00 | 68.00 | 82.00 | OK |
Version: 0.3.7
Check: DESCRIPTION meta-information
Result: NOTE
Missing dependency on R >= 4.1.0 because package code uses the pipe
|> or function shorthand \(...) syntax added in R 4.1.0.
File(s) using such syntax:
‘combine_fude.R’ ‘extract_fude.R’ ‘get_boundary.R’ ‘ls_fude.R’
‘read_fude.R’ ‘rename_fude.Rd’
Flavors: r-devel-linux-x86_64-debian-clang, r-devel-linux-x86_64-debian-gcc, r-devel-linux-x86_64-fedora-clang, r-devel-linux-x86_64-fedora-gcc, r-devel-windows-x86_64, r-patched-linux-x86_64, r-release-linux-x86_64, r-release-macos-arm64, r-release-windows-x86_64
Version: 0.3.7
Check: DESCRIPTION meta-information
Result: NOTE
Missing dependency on R >= 4.1.0 because package code uses the pipe
|> or function shorthand \(...) syntax added in R 4.1.0.
File(s) using such syntax:
‘combine_fude.R’ ‘extract_fude.R’ ‘get_boundary.R’ ‘ls_fude.R’
‘read_fude.R’
Flavor: r-release-macos-x86_64