CRAN Package Check Results for Package forestmodel

Last updated on 2025-02-21 13:50:49 CET.

Flavor Version Tinstall Tcheck Ttotal Status Flags
r-devel-linux-x86_64-debian-clang 0.6.2 5.01 48.77 53.78 OK
r-devel-linux-x86_64-debian-gcc 0.6.2 4.19 33.92 38.11 OK
r-devel-linux-x86_64-fedora-clang 0.6.2 82.90 OK
r-devel-linux-x86_64-fedora-gcc 0.6.2 77.73 OK
r-devel-macos-arm64 0.6.2 27.00 OK
r-devel-macos-x86_64 0.6.2 49.00 OK
r-devel-windows-x86_64 0.6.2 7.00 60.00 67.00 OK
r-patched-linux-x86_64 0.6.2 5.48 44.02 49.50 NOTE
r-release-linux-x86_64 0.6.2 5.19 44.88 50.07 NOTE
r-release-macos-arm64 0.6.2 26.00 NOTE
r-release-macos-x86_64 0.6.2 39.00 NOTE
r-release-windows-x86_64 0.6.2 8.00 69.00 77.00 NOTE
r-oldrel-macos-arm64 0.6.2 27.00 NOTE
r-oldrel-macos-x86_64 0.6.2 37.00 NOTE
r-oldrel-windows-x86_64 0.6.2 9.00 78.00 87.00 NOTE

Check Details

Version: 0.6.2
Check: LazyData
Result: NOTE 'LazyData' is specified without a 'data' directory Flavors: r-patched-linux-x86_64, r-release-linux-x86_64, r-release-macos-arm64, r-release-macos-x86_64, r-release-windows-x86_64, r-oldrel-macos-arm64, r-oldrel-macos-x86_64, r-oldrel-windows-x86_64