Last updated on 2025-11-04 07:49:54 CET.
| Flavor | Version | Tinstall | Tcheck | Ttotal | Status | Flags | 
|---|---|---|---|---|---|---|
| r-devel-linux-x86_64-debian-clang | 0.1.2 | 23.50 | 379.51 | 403.01 | OK | |
| r-devel-linux-x86_64-debian-gcc | 0.1.2 | 17.36 | 265.65 | 283.01 | OK | |
| r-devel-linux-x86_64-fedora-clang | 0.1.2 | 98.00 | 617.70 | 715.70 | OK | |
| r-devel-linux-x86_64-fedora-gcc | 0.1.2 | 58.00 | 599.26 | 657.26 | OK | |
| r-devel-windows-x86_64 | 0.1.2 | 26.00 | 493.00 | 519.00 | OK | |
| r-patched-linux-x86_64 | 0.1.2 | 24.86 | 381.13 | 405.99 | OK | |
| r-release-linux-x86_64 | 0.1.2 | 24.34 | 375.81 | 400.15 | OK | |
| r-release-macos-arm64 | 0.1.2 | 14.00 | 67.00 | 81.00 | OK | |
| r-release-macos-x86_64 | 0.1.2 | 30.00 | 145.00 | 175.00 | OK | |
| r-release-windows-x86_64 | 0.1.2 | 28.00 | 466.00 | 494.00 | OK | |
| r-oldrel-macos-arm64 | 0.1.2 | 10.00 | 231.00 | 241.00 | NOTE | |
| r-oldrel-macos-x86_64 | 0.1.2 | 31.00 | 294.00 | 325.00 | NOTE | |
| r-oldrel-windows-x86_64 | 0.1.2 | 27.00 | 571.00 | 598.00 | OK | 
Version: 0.1.2
Check: installed package size
Result: NOTE
    installed size is  8.2Mb
    sub-directories of 1Mb or more:
      libs   7.3Mb
Flavors: r-oldrel-macos-arm64, r-oldrel-macos-x86_64