CRAN Package Check Results for Package fntl

Last updated on 2025-06-30 15:49:39 CEST.

Flavor Version Tinstall Tcheck Ttotal Status Flags
r-devel-linux-x86_64-debian-clang 0.1.2 22.95 345.73 368.68 OK
r-devel-linux-x86_64-debian-gcc 0.1.2 18.15 247.69 265.84 OK
r-devel-linux-x86_64-fedora-clang 0.1.2 679.69 OK
r-devel-linux-x86_64-fedora-gcc 0.1.2 669.69 OK
r-devel-windows-x86_64 0.1.2 25.00 482.00 507.00 OK
r-patched-linux-x86_64 OK
r-release-linux-x86_64 0.1.2 25.03 343.43 368.46 OK
r-release-macos-arm64 0.1.2 81.00 OK
r-release-macos-x86_64 0.1.2 175.00 OK
r-release-windows-x86_64 0.1.2 26.00 473.00 499.00 OK
r-oldrel-macos-arm64 0.1.2 241.00 NOTE
r-oldrel-macos-x86_64 0.1.2 325.00 NOTE
r-oldrel-windows-x86_64 0.1.2 25.00 567.00 592.00 OK

Check Details

Version: 0.1.2
Check: installed package size
Result: NOTE installed size is 8.2Mb sub-directories of 1Mb or more: libs 7.3Mb Flavors: r-oldrel-macos-arm64, r-oldrel-macos-x86_64