CRAN Package Check Results for Package flying

Last updated on 2025-06-30 15:49:38 CEST.

Flavor Version Tinstall Tcheck Ttotal Status Flags
r-devel-linux-x86_64-debian-clang 0.1.3 15.49 53.37 68.86 OK
r-devel-linux-x86_64-debian-gcc 0.1.3 11.48 37.03 48.51 OK
r-devel-linux-x86_64-fedora-clang 0.1.3 115.35 NOTE
r-devel-linux-x86_64-fedora-gcc 0.1.3 122.24 NOTE
r-devel-windows-x86_64 0.1.3 20.00 83.00 103.00 OK
r-patched-linux-x86_64 OK
r-release-linux-x86_64 0.1.3 14.58 49.49 64.07 OK
r-release-macos-arm64 0.1.3 50.00 OK
r-release-macos-x86_64 0.1.3 70.00 OK
r-release-windows-x86_64 0.1.3 22.00 82.00 104.00 OK
r-oldrel-macos-arm64 0.1.3 35.00 OK
r-oldrel-macos-x86_64 0.1.3 64.00 OK
r-oldrel-windows-x86_64 0.1.3 26.00 103.00 129.00 OK

Check Details

Version: 0.1.3
Check: dependencies in R code
Result: NOTE Namespaces in Imports field not imported from: ‘kableExtra’ ‘knitr’ ‘rmarkdown’ All declared Imports should be used. Flavors: r-devel-linux-x86_64-fedora-clang, r-devel-linux-x86_64-fedora-gcc