Last updated on 2025-06-30 15:49:38 CEST.
Flavor | Version | Tinstall | Tcheck | Ttotal | Status | Flags |
---|---|---|---|---|---|---|
r-devel-linux-x86_64-debian-clang | 1.0.2 | 4.10 | 22.35 | 26.45 | OK | |
r-devel-linux-x86_64-debian-gcc | 1.0.2 | 3.30 | 17.98 | 21.28 | OK | |
r-devel-linux-x86_64-fedora-clang | 1.0.2 | 38.85 | OK | |||
r-devel-linux-x86_64-fedora-gcc | 1.0.2 | 37.35 | OK | |||
r-devel-windows-x86_64 | 1.0.2 | 9.00 | 71.00 | 80.00 | OK | |
r-patched-linux-x86_64 | OK | |||||
r-release-linux-x86_64 | 1.0.2 | 3.92 | 21.22 | 25.14 | OK | |
r-release-macos-arm64 | 1.0.2 | 28.00 | OK | |||
r-release-macos-x86_64 | 1.0.2 | 40.00 | OK | |||
r-release-windows-x86_64 | 1.0.2 | 8.00 | 79.00 | 87.00 | OK | |
r-oldrel-macos-arm64 | 1.0.2 | 22.00 | OK | |||
r-oldrel-macos-x86_64 | 1.0.2 | 36.00 | OK | |||
r-oldrel-windows-x86_64 | 1.0.2 | 12.00 | 110.00 | 122.00 | NOTE |
Version: 1.0.2
Check: installed package size
Result: NOTE
installed size is 8.7Mb
sub-directories of 1Mb or more:
libs 8.6Mb
Flavor: r-oldrel-windows-x86_64