Last updated on 2025-02-22 12:50:28 CET.
Flavor | Version | Tinstall | Tcheck | Ttotal | Status | Flags |
---|---|---|---|---|---|---|
r-devel-linux-x86_64-debian-clang | 0.0.2 | 2.45 | 32.97 | 35.42 | OK | |
r-devel-linux-x86_64-debian-gcc | 0.0.2 | 2.16 | 25.80 | 27.96 | OK | |
r-devel-linux-x86_64-fedora-clang | 0.0.2 | 59.67 | OK | |||
r-devel-linux-x86_64-fedora-gcc | 0.0.2 | 68.24 | OK | |||
r-devel-macos-arm64 | 0.0.2 | 26.00 | OK | |||
r-devel-macos-x86_64 | 0.0.2 | 63.00 | OK | |||
r-devel-windows-x86_64 | 0.0.2 | 5.00 | 56.00 | 61.00 | OK | |
r-patched-linux-x86_64 | 0.0.2 | 2.67 | 31.99 | 34.66 | OK | |
r-release-linux-x86_64 | 0.0.2 | 2.35 | 31.46 | 33.81 | OK | |
r-release-macos-arm64 | 0.0.2 | 26.00 | NOTE | |||
r-release-macos-x86_64 | 0.0.2 | 52.00 | NOTE | |||
r-release-windows-x86_64 | 0.0.2 | 6.00 | 62.00 | 68.00 | NOTE | |
r-oldrel-macos-arm64 | 0.0.2 | 31.00 | NOTE | |||
r-oldrel-macos-x86_64 | 0.0.2 | 60.00 | NOTE | |||
r-oldrel-windows-x86_64 | 0.0.2 | 5.00 | 56.00 | 61.00 | NOTE |
Version: 0.0.2
Check: installed package size
Result: NOTE
installed size is 5.0Mb
sub-directories of 1Mb or more:
htmlwidgets 3.9Mb
Flavors: r-release-macos-arm64, r-release-macos-x86_64, r-release-windows-x86_64, r-oldrel-macos-arm64, r-oldrel-macos-x86_64, r-oldrel-windows-x86_64