Last updated on 2025-11-25 07:49:56 CET.
| Flavor | Version | Tinstall | Tcheck | Ttotal | Status | Flags |
|---|---|---|---|---|---|---|
| r-devel-linux-x86_64-debian-clang | 0.1.1 | 7.50 | 72.86 | 80.36 | NOTE | |
| r-devel-linux-x86_64-debian-gcc | 0.1.1 | 6.46 | 55.45 | 61.91 | NOTE | |
| r-devel-linux-x86_64-fedora-clang | 0.1.1 | 25.00 | 103.39 | 128.39 | OK | |
| r-devel-linux-x86_64-fedora-gcc | 0.1.1 | 17.00 | 99.22 | 116.22 | OK | |
| r-devel-windows-x86_64 | 0.1.1 | 12.00 | 80.00 | 92.00 | OK | |
| r-patched-linux-x86_64 | 0.1.1 | 9.44 | 69.49 | 78.93 | OK | |
| r-release-linux-x86_64 | 0.1.1 | 8.68 | 69.08 | 77.76 | OK | |
| r-release-macos-arm64 | 0.1.1 | OK | ||||
| r-release-macos-x86_64 | 0.1.1 | 8.00 | 64.00 | 72.00 | OK | |
| r-release-windows-x86_64 | 0.1.1 | 10.00 | 95.00 | 105.00 | OK | |
| r-oldrel-macos-arm64 | 0.1.1 | OK | ||||
| r-oldrel-macos-x86_64 | 0.1.1 | 7.00 | 51.00 | 58.00 | OK | |
| r-oldrel-windows-x86_64 | 0.1.1 | 13.00 | 99.00 | 112.00 | OK |
Version: 0.1.1
Check: CRAN incoming feasibility
Result: NOTE
Maintainer: ‘Friederike Deiters <deiters@statistik.tu-dortmund.de>’
The Description field contains
see Kinsvater et al. (2017) <arXiv:1701.06455>.
Please refer to arXiv e-prints via their arXiv DOI <doi:10.48550/arXiv.YYMM.NNNNN>.
Flavors: r-devel-linux-x86_64-debian-clang, r-devel-linux-x86_64-debian-gcc