Last updated on 2024-05-12 13:56:49 CEST.
Flavor | Version | Tinstall | Tcheck | Ttotal | Status | Flags |
---|---|---|---|---|---|---|
r-devel-linux-x86_64-debian-clang | 0.1.5 | 3.96 | 41.28 | 45.24 | NOTE | |
r-devel-linux-x86_64-debian-gcc | 0.1.5 | 2.95 | 31.55 | 34.50 | NOTE | |
r-devel-linux-x86_64-fedora-clang | 0.1.5 | 59.82 | NOTE | |||
r-devel-linux-x86_64-fedora-gcc | 0.1.5 | 123.57 | NOTE | |||
r-devel-windows-x86_64 | 0.1.5 | 6.00 | 54.00 | 60.00 | NOTE | |
r-patched-linux-x86_64 | 0.1.5 | 3.15 | 40.40 | 43.55 | NOTE | |
r-release-linux-x86_64 | 0.1.5 | 3.91 | 39.48 | 43.39 | NOTE | |
r-release-macos-arm64 | 0.1.5 | 27.00 | NOTE | |||
r-release-windows-x86_64 | 0.1.5 | 6.00 | 54.00 | 60.00 | NOTE | |
r-oldrel-macos-arm64 | 0.1.5 | 26.00 | NOTE | |||
r-oldrel-macos-x86_64 | 0.1.5 | 41.00 | NOTE | |||
r-oldrel-windows-x86_64 | 0.1.5 | 6.00 | 56.00 | 62.00 | NOTE |
Version: 0.1.5
Check: LazyData
Result: NOTE
'LazyData' is specified without a 'data' directory
Flavors: r-devel-linux-x86_64-debian-clang, r-devel-linux-x86_64-debian-gcc, r-devel-linux-x86_64-fedora-clang, r-devel-linux-x86_64-fedora-gcc, r-devel-windows-x86_64, r-patched-linux-x86_64, r-release-linux-x86_64, r-release-macos-arm64, r-release-windows-x86_64, r-oldrel-macos-arm64, r-oldrel-macos-x86_64, r-oldrel-windows-x86_64