Last updated on 2025-06-30 15:49:38 CEST.
Flavor | Version | Tinstall | Tcheck | Ttotal | Status | Flags |
---|---|---|---|---|---|---|
r-devel-linux-x86_64-debian-clang | 0.1.1 | 4.11 | 35.44 | 39.55 | NOTE | |
r-devel-linux-x86_64-debian-gcc | 0.1.1 | 3.03 | 26.75 | 29.78 | NOTE | |
r-devel-linux-x86_64-fedora-clang | 0.1.1 | 58.92 | OK | |||
r-devel-linux-x86_64-fedora-gcc | 0.1.1 | 55.91 | OK | |||
r-devel-windows-x86_64 | 0.1.1 | 5.00 | 54.00 | 59.00 | OK | |
r-patched-linux-x86_64 | OK | |||||
r-release-linux-x86_64 | 0.1.1 | 3.91 | 32.29 | 36.20 | OK | |
r-release-macos-arm64 | 0.1.1 | 29.00 | OK | |||
r-release-macos-x86_64 | 0.1.1 | 52.00 | OK | |||
r-release-windows-x86_64 | 0.1.1 | 5.00 | 54.00 | 59.00 | OK | |
r-oldrel-macos-arm64 | 0.1.1 | 20.00 | OK | |||
r-oldrel-macos-x86_64 | 0.1.1 | 31.00 | OK | |||
r-oldrel-windows-x86_64 | 0.1.1 | 7.00 | 61.00 | 68.00 | OK |
Version: 0.1.1
Check: CRAN incoming feasibility
Result: NOTE
Maintainer: ‘Scott D. Graham <scott.grah95@gmail.com>’
No Authors@R field in DESCRIPTION.
Please add one, modifying
Authors@R: person(given = c("Scott", "D."),
family = "Graham",
role = c("aut", "cre"),
email = "scott.grah95@gmail.com")
as necessary.
Flavors: r-devel-linux-x86_64-debian-clang, r-devel-linux-x86_64-debian-gcc