CRAN Package Check Results for Package fishmethods

Last updated on 2025-06-30 15:49:38 CEST.

Flavor Version Tinstall Tcheck Ttotal Status Flags
r-devel-linux-x86_64-debian-clang 1.13-1 121.24 187.72 308.96 OK
r-devel-linux-x86_64-debian-gcc 1.13-1 87.63 111.58 199.21 OK
r-devel-linux-x86_64-fedora-clang 1.13-1 462.90 OK
r-devel-linux-x86_64-fedora-gcc 1.13-1 506.77 OK
r-devel-windows-x86_64 1.13-1 116.00 203.00 319.00 OK
r-patched-linux-x86_64 OK
r-release-linux-x86_64 1.13-1 134.52 168.67 303.19 OK
r-release-macos-arm64 1.13-1 114.00 OK
r-release-macos-x86_64 1.13-1 271.00 OK
r-release-windows-x86_64 1.13-1 121.00 201.00 322.00 OK
r-oldrel-macos-arm64 1.13-1 131.00 NOTE
r-oldrel-macos-x86_64 1.13-1 322.00 NOTE
r-oldrel-windows-x86_64 1.13-1 150.00 258.00 408.00 NOTE

Check Details

Version: 1.13-1
Check: installed package size
Result: NOTE installed size is 48.5Mb sub-directories of 1Mb or more: libs 47.1Mb Flavors: r-oldrel-macos-arm64, r-oldrel-macos-x86_64, r-oldrel-windows-x86_64