Last updated on 2025-02-21 13:50:49 CET.
Flavor | Version | Tinstall | Tcheck | Ttotal | Status | Flags |
---|---|---|---|---|---|---|
r-devel-linux-x86_64-debian-clang | 1.1.4 | 5.98 | 50.51 | 56.49 | OK | |
r-devel-linux-x86_64-debian-gcc | 1.1.4 | 4.35 | 36.13 | 40.48 | OK | |
r-devel-linux-x86_64-fedora-clang | 1.1.4 | 86.46 | OK | |||
r-devel-linux-x86_64-fedora-gcc | 1.1.4 | 80.95 | OK | |||
r-devel-macos-arm64 | 1.1.4 | 27.00 | OK | |||
r-devel-macos-x86_64 | 1.1.4 | 48.00 | OK | |||
r-devel-windows-x86_64 | 1.1.4 | 7.00 | 63.00 | 70.00 | OK | |
r-patched-linux-x86_64 | 1.1.4 | 6.02 | 44.75 | 50.77 | NOTE | |
r-release-linux-x86_64 | 1.1.4 | 5.45 | 44.84 | 50.29 | NOTE | |
r-release-macos-arm64 | 1.1.4 | 26.00 | NOTE | |||
r-release-macos-x86_64 | 1.1.4 | 40.00 | NOTE | |||
r-release-windows-x86_64 | 1.1.4 | 7.00 | 63.00 | 70.00 | NOTE | |
r-oldrel-macos-arm64 | 1.1.4 | 28.00 | NOTE | |||
r-oldrel-macos-x86_64 | 1.1.4 | 49.00 | NOTE | |||
r-oldrel-windows-x86_64 | 1.1.4 | 9.00 | 72.00 | 81.00 | NOTE |
Version: 1.1.4
Check: LazyData
Result: NOTE
'LazyData' is specified without a 'data' directory
Flavors: r-patched-linux-x86_64, r-release-linux-x86_64, r-release-macos-arm64, r-release-macos-x86_64, r-release-windows-x86_64, r-oldrel-macos-arm64, r-oldrel-macos-x86_64, r-oldrel-windows-x86_64