CRAN Package Check Results for Package fgeo

Last updated on 2025-11-24 07:50:00 CET.

Flavor Version Tinstall Tcheck Ttotal Status Flags
r-devel-linux-x86_64-debian-clang 1.1.4 6.99 64.38 71.37 OK
r-devel-linux-x86_64-debian-gcc 1.1.4 5.17 48.29 53.46 OK
r-devel-linux-x86_64-fedora-clang 1.1.4 18.00 92.90 110.90 OK
r-devel-linux-x86_64-fedora-gcc 1.1.4 18.00 84.49 102.49 OK
r-devel-windows-x86_64 1.1.4 10.00 76.00 86.00 OK
r-patched-linux-x86_64 1.1.4 6.95 59.36 66.31 OK
r-release-linux-x86_64 1.1.4 6.60 59.59 66.19 OK
r-release-macos-arm64 1.1.4 OK
r-release-macos-x86_64 1.1.4 5.00 43.00 48.00 OK
r-release-windows-x86_64 1.1.4 8.00 73.00 81.00 OK
r-oldrel-macos-arm64 1.1.4 NOTE
r-oldrel-macos-x86_64 1.1.4 4.00 36.00 40.00 NOTE
r-oldrel-windows-x86_64 1.1.4 12.00 88.00 100.00 NOTE

Check Details

Version: 1.1.4
Check: LazyData
Result: NOTE 'LazyData' is specified without a 'data' directory Flavors: r-oldrel-macos-arm64, r-oldrel-macos-x86_64, r-oldrel-windows-x86_64