Last updated on 2025-11-04 07:49:53 CET.
| Flavor | Version | Tinstall | Tcheck | Ttotal | Status | Flags | 
|---|---|---|---|---|---|---|
| r-devel-linux-x86_64-debian-clang | 0.1.0 | 3.08 | 38.82 | 41.90 | NOTE | |
| r-devel-linux-x86_64-debian-gcc | 0.1.0 | 2.05 | 29.52 | 31.57 | NOTE | |
| r-devel-linux-x86_64-fedora-clang | 0.1.0 | 62.42 | NOTE | |||
| r-devel-linux-x86_64-fedora-gcc | 0.1.0 | 57.62 | NOTE | |||
| r-devel-windows-x86_64 | 0.1.0 | 4.00 | 66.00 | 70.00 | NOTE | |
| r-patched-linux-x86_64 | 0.1.0 | 3.37 | 36.55 | 39.92 | NOTE | |
| r-release-linux-x86_64 | 0.1.0 | 2.97 | 35.49 | 38.46 | NOTE | |
| r-release-macos-arm64 | 0.1.0 | 2.00 | 22.00 | 24.00 | NOTE | |
| r-release-macos-x86_64 | 0.1.0 | 3.00 | 39.00 | 42.00 | NOTE | |
| r-release-windows-x86_64 | 0.1.0 | 5.00 | 62.00 | 67.00 | NOTE | |
| r-oldrel-macos-arm64 | 0.1.0 | 2.00 | 25.00 | 27.00 | OK | |
| r-oldrel-macos-x86_64 | 0.1.0 | 4.00 | 55.00 | 59.00 | OK | |
| r-oldrel-windows-x86_64 | 0.1.0 | 7.00 | 71.00 | 78.00 | OK | 
Version: 0.1.0
Check: DESCRIPTION meta-information
Result: NOTE
    Missing dependency on R >= 4.1.0 because package code uses the pipe
    |> or function shorthand \(...) syntax added in R 4.1.0.
    File(s) using such syntax:
      ‘add_cplx.Rd’ ‘add_l2nm.Rd’ ‘can_repr.Rd’ ‘cross.R’ ‘fft.R’
      ‘fftab.Rd’ ‘fourier_frequencies.Rd’ ‘frequency.R’ ‘get.R’ ‘get_fx.Rd’
      ‘get_rect.Rd’ ‘has_cplx.Rd’ ‘internal.R’ ‘plot.R’ ‘repr.R’
      ‘to_cplx.Rd’
Flavors: r-devel-linux-x86_64-debian-clang, r-devel-linux-x86_64-debian-gcc, r-devel-linux-x86_64-fedora-clang, r-devel-linux-x86_64-fedora-gcc, r-devel-windows-x86_64, r-patched-linux-x86_64, r-release-linux-x86_64, r-release-macos-arm64, r-release-windows-x86_64
Version: 0.1.0
Check: DESCRIPTION meta-information
Result: NOTE
    Missing dependency on R >= 4.1.0 because package code uses the pipe
    |> or function shorthand \(...) syntax added in R 4.1.0.
    File(s) using such syntax:
      ‘cross.R’ ‘fft.R’ ‘frequency.R’ ‘get.R’ ‘internal.R’ ‘plot.R’
      ‘repr.R’
Flavor: r-release-macos-x86_64