Last updated on 2025-11-24 07:50:00 CET.
| Flavor | Version | Tinstall | Tcheck | Ttotal | Status | Flags |
|---|---|---|---|---|---|---|
| r-devel-linux-x86_64-debian-clang | 4.5.2 | 37.09 | 107.83 | 144.92 | NOTE | |
| r-devel-linux-x86_64-debian-gcc | 4.5.2 | 32.00 | 74.29 | 106.29 | NOTE | |
| r-devel-linux-x86_64-fedora-clang | 4.5.2 | 78.00 | 148.62 | 226.62 | NOTE | |
| r-devel-linux-x86_64-fedora-gcc | 4.5.2 | 105.00 | 123.91 | 228.91 | NOTE | |
| r-devel-windows-x86_64 | 4.5.2 | 65.00 | 129.00 | 194.00 | NOTE | |
| r-patched-linux-x86_64 | 4.5.2 | 47.28 | 95.94 | 143.22 | NOTE | |
| r-release-linux-x86_64 | 4.5.2 | 43.28 | 96.00 | 139.28 | NOTE | |
| r-release-macos-arm64 | 4.5.2 | NOTE | ||||
| r-release-macos-x86_64 | 4.5.2 | 65.00 | 101.00 | 166.00 | NOTE | |
| r-release-windows-x86_64 | 4.5.2 | 55.00 | 129.00 | 184.00 | NOTE | |
| r-oldrel-macos-arm64 | 4.5.2 | OK | ||||
| r-oldrel-macos-x86_64 | 4.5.2 | 44.00 | 83.00 | 127.00 | OK | |
| r-oldrel-windows-x86_64 | 4.5.2 | 66.00 | 156.00 | 222.00 | NOTE |
Version: 4.5.2
Check: dependencies in R code
Result: NOTE
Unexported object imported by a ':::' call: ‘bit:::R_bit_as_hi’
See the note in ?`:::` about the use of this operator.
Flavors: r-devel-linux-x86_64-debian-clang, r-devel-linux-x86_64-debian-gcc, r-devel-linux-x86_64-fedora-clang, r-devel-linux-x86_64-fedora-gcc, r-devel-windows-x86_64, r-patched-linux-x86_64, r-release-linux-x86_64, r-release-macos-arm64, r-release-macos-x86_64, r-release-windows-x86_64, r-oldrel-windows-x86_64