Last updated on 2024-05-07 13:51:37 CEST.
Flavor | Version | Tinstall | Tcheck | Ttotal | Status | Flags |
---|---|---|---|---|---|---|
r-devel-linux-x86_64-debian-clang | 0.2.1 | 11.64 | 53.09 | 64.73 | NOTE | |
r-devel-linux-x86_64-debian-gcc | 0.2.1 | 7.64 | 39.64 | 47.28 | NOTE | |
r-devel-linux-x86_64-fedora-clang | 0.2.1 | 88.23 | NOTE | |||
r-devel-linux-x86_64-fedora-gcc | 0.2.1 | 100.16 | NOTE | |||
r-devel-windows-x86_64 | 0.2.1 | 11.00 | 70.00 | 81.00 | NOTE | |
r-patched-linux-x86_64 | 0.2.1 | 8.87 | 51.79 | 60.66 | NOTE | |
r-release-linux-x86_64 | 0.2.1 | 8.92 | 50.80 | 59.72 | NOTE | |
r-release-macos-arm64 | 0.2.1 | 32.00 | NOTE | |||
r-release-windows-x86_64 | 0.2.1 | 13.00 | 70.00 | 83.00 | NOTE | |
r-oldrel-macos-arm64 | 0.2.1 | 45.00 | OK | |||
r-oldrel-macos-x86_64 | 0.2.1 | 100.00 | OK | |||
r-oldrel-windows-x86_64 | 0.2.1 | 15.00 | 76.00 | 91.00 | OK |
Version: 0.2.1
Check: Rd files
Result: NOTE
checkRd: (-1) simulation_model9.Rd:47: Lost braces; missing escapes or markup?
47 | \item{ci}{A vector of 2 values containing $c_{1i}$ and $c_{2i}$ in the contamination
| ^
checkRd: (-1) simulation_model9.Rd:47: Lost braces; missing escapes or markup?
47 | \item{ci}{A vector of 2 values containing $c_{1i}$ and $c_{2i}$ in the contamination
| ^
Flavors: r-devel-linux-x86_64-debian-clang, r-devel-linux-x86_64-debian-gcc, r-devel-linux-x86_64-fedora-clang, r-devel-linux-x86_64-fedora-gcc, r-devel-windows-x86_64, r-patched-linux-x86_64, r-release-linux-x86_64, r-release-macos-arm64, r-release-windows-x86_64