CRAN Package Check Results for Package fda

Last updated on 2025-06-30 15:49:38 CEST.

Flavor Version Tinstall Tcheck Ttotal Status Flags
r-devel-linux-x86_64-debian-clang 6.3.0 24.86 212.25 237.11 OK
r-devel-linux-x86_64-debian-gcc 6.3.0 14.97 136.95 151.92 OK
r-devel-linux-x86_64-fedora-clang 6.3.0 376.13 OK
r-devel-linux-x86_64-fedora-gcc 6.3.0 370.48 OK
r-devel-windows-x86_64 6.3.0 30.00 241.00 271.00 OK
r-patched-linux-x86_64 OK
r-release-linux-x86_64 6.3.0 28.73 199.80 228.53 OK
r-release-macos-arm64 6.3.0 109.00 OK
r-release-macos-x86_64 6.3.0 145.00 NOTE
r-release-windows-x86_64 6.3.0 29.00 237.00 266.00 OK
r-oldrel-macos-arm64 6.3.0 105.00 OK
r-oldrel-macos-x86_64 6.3.0 211.00 OK
r-oldrel-windows-x86_64 6.3.0 40.00 341.00 381.00 OK

Check Details

Version: 6.3.0
Check: foreign function calls
Result: NOTE Fatal error: cannot create 'R_TempDir' See chapter ‘System and foreign language interfaces’ in the ‘Writing R Extensions’ manual. Flavor: r-release-macos-x86_64