Last updated on 2025-02-21 13:50:49 CET.
Flavor | Version | Tinstall | Tcheck | Ttotal | Status | Flags |
---|---|---|---|---|---|---|
r-devel-linux-x86_64-debian-clang | 2.2 | 0.44 | 1.89 | 2.33 | ERROR | |
r-devel-linux-x86_64-debian-gcc | 2.2 | 19.82 | 217.96 | 237.78 | OK | |
r-devel-linux-x86_64-fedora-clang | 2.2 | 512.16 | OK | |||
r-devel-linux-x86_64-fedora-gcc | 2.2 | 508.61 | OK | |||
r-devel-macos-arm64 | 2.2 | 133.00 | OK | |||
r-devel-macos-x86_64 | 2.2 | 263.00 | OK | |||
r-devel-windows-x86_64 | 2.2 | 24.00 | 260.00 | 284.00 | OK | |
r-patched-linux-x86_64 | 2.2 | 21.86 | 290.72 | 312.58 | OK | |
r-release-linux-x86_64 | 2.2 | 21.75 | 290.98 | 312.73 | OK | |
r-release-macos-arm64 | 2.2 | 127.00 | OK | |||
r-release-macos-x86_64 | 2.2 | 177.00 | OK | |||
r-release-windows-x86_64 | 2.2 | 24.00 | 257.00 | 281.00 | OK | |
r-oldrel-macos-arm64 | 2.2 | 145.00 | OK | |||
r-oldrel-macos-x86_64 | 2.2 | 254.00 | OK | |||
r-oldrel-windows-x86_64 | 2.2 | 24.00 | 312.00 | 336.00 | OK |
Version: 2.2
Check: package dependencies
Result: ERROR
Package required but not available: ‘rstanarm’
See section ‘The DESCRIPTION file’ in the ‘Writing R Extensions’
manual.
Flavor: r-devel-linux-x86_64-debian-clang