CRAN Package Check Results for Package fasterRaster

Last updated on 2025-06-30 15:49:38 CEST.

Flavor Version Tinstall Tcheck Ttotal Status Flags
r-devel-linux-x86_64-debian-clang 8.4.1.0 70.00 380.80 450.80 OK
r-devel-linux-x86_64-debian-gcc 8.4.1.0 45.65 232.44 278.09 OK
r-devel-linux-x86_64-fedora-clang 8.4.1.0 764.48 OK
r-devel-linux-x86_64-fedora-gcc 8.4.1.0 698.13 OK
r-devel-windows-x86_64 8.4.1.0 71.00 401.00 472.00 OK
r-patched-linux-x86_64 OK
r-release-linux-x86_64 8.4.1.0 64.95 351.40 416.35 OK
r-release-macos-arm64 8.4.1.0 195.00 OK
r-release-macos-x86_64 8.4.1.0 306.00 OK
r-release-windows-x86_64 8.4.1.0 72.00 392.00 464.00 OK
r-oldrel-macos-arm64 8.4.1.0 163.00 NOTE
r-oldrel-macos-x86_64 8.4.1.0 307.00 NOTE
r-oldrel-windows-x86_64 8.4.1.0 98.00 493.00 591.00 NOTE

Check Details

Version: 8.4.1.0
Check: installed package size
Result: NOTE installed size is 6.2Mb sub-directories of 1Mb or more: R 3.1Mb help 2.0Mb Flavors: r-oldrel-macos-arm64, r-oldrel-macos-x86_64, r-oldrel-windows-x86_64