Last updated on 2025-06-30 15:49:38 CEST.
Flavor | Version | Tinstall | Tcheck | Ttotal | Status | Flags |
---|---|---|---|---|---|---|
r-devel-linux-x86_64-debian-clang | 0.6-192 | 117.98 | 186.62 | 304.60 | OK | |
r-devel-linux-x86_64-debian-gcc | 0.6-192 | 79.56 | 126.58 | 206.14 | OK | |
r-devel-linux-x86_64-fedora-clang | 0.6-192 | 534.99 | OK | |||
r-devel-linux-x86_64-fedora-gcc | 0.6-192 | 492.44 | OK | |||
r-devel-windows-x86_64 | 0.6-192 | 137.00 | 206.00 | 343.00 | OK | |
r-patched-linux-x86_64 | OK | |||||
r-release-linux-x86_64 | 0.6-192 | 115.86 | 174.31 | 290.17 | OK | |
r-release-macos-arm64 | 0.6-192 | 129.00 | OK | |||
r-release-macos-x86_64 | 0.6-192 | 235.00 | OK | |||
r-release-windows-x86_64 | 0.6-192 | 142.00 | 203.00 | 345.00 | OK | |
r-oldrel-macos-arm64 | 0.6-192 | 79.00 | NOTE | |||
r-oldrel-macos-x86_64 | 0.6-192 | 121.00 | NOTE | |||
r-oldrel-windows-x86_64 | 0.6-192 | 167.00 | 256.00 | 423.00 | NOTE |
Version: 0.6-192
Check: installed package size
Result: NOTE
installed size is 10.6Mb
sub-directories of 1Mb or more:
data 4.7Mb
libs 5.1Mb
Flavors: r-oldrel-macos-arm64, r-oldrel-macos-x86_64, r-oldrel-windows-x86_64
Version: 0.6-192
Check: for GNU extensions in Makefiles
Result: NOTE
GNU make is a SystemRequirements.
Flavors: r-oldrel-macos-arm64, r-oldrel-macos-x86_64, r-oldrel-windows-x86_64