CRAN Package Check Results for Package fastLink

Last updated on 2025-06-30 15:49:38 CEST.

Flavor Version Tinstall Tcheck Ttotal Status Flags
r-devel-linux-x86_64-debian-clang 0.6.1 47.37 102.17 149.54 OK
r-devel-linux-x86_64-debian-gcc 0.6.1 33.63 70.79 104.42 OK
r-devel-linux-x86_64-fedora-clang 0.6.1 248.67 OK
r-devel-linux-x86_64-fedora-gcc 0.6.1 227.26 OK
r-devel-windows-x86_64 0.6.1 57.00 136.00 193.00 OK
r-patched-linux-x86_64 OK
r-release-linux-x86_64 0.6.1 43.55 94.62 138.17 OK
r-release-macos-arm64 0.6.1 65.00 OK
r-release-macos-x86_64 0.6.1 117.00 OK
r-release-windows-x86_64 0.6.1 55.00 134.00 189.00 OK
r-oldrel-macos-arm64 0.6.1 59.00 NOTE
r-oldrel-macos-x86_64 0.6.1 106.00 NOTE
r-oldrel-windows-x86_64 0.6.1 69.00 161.00 230.00 NOTE

Check Details

Version: 0.6.1
Check: installed package size
Result: NOTE installed size is 8.5Mb sub-directories of 1Mb or more: data 5.6Mb libs 2.6Mb Flavors: r-oldrel-macos-arm64, r-oldrel-macos-x86_64, r-oldrel-windows-x86_64