Last updated on 2025-11-24 07:50:00 CET.
| Flavor | Version | Tinstall | Tcheck | Ttotal | Status | Flags |
|---|---|---|---|---|---|---|
| r-devel-linux-x86_64-debian-clang | 1.4.0 | 3.52 | 72.72 | 76.24 | NOTE | |
| r-devel-linux-x86_64-debian-gcc | 1.4.0 | 2.69 | 57.93 | 60.62 | NOTE | |
| r-devel-linux-x86_64-fedora-clang | 1.4.0 | 109.39 | OK | |||
| r-devel-linux-x86_64-fedora-gcc | 1.4.0 | 98.59 | OK | |||
| r-devel-windows-x86_64 | 1.4.0 | 6.00 | 93.00 | 99.00 | OK | |
| r-patched-linux-x86_64 | 1.4.0 | 4.74 | 64.20 | 68.94 | OK | |
| r-release-linux-x86_64 | 1.4.0 | 3.21 | 63.99 | 67.20 | OK | |
| r-release-macos-arm64 | 1.4.0 | OK | ||||
| r-release-macos-x86_64 | 1.4.0 | 3.00 | 66.00 | 69.00 | OK | |
| r-release-windows-x86_64 | 1.4.0 | 6.00 | 91.00 | 97.00 | OK | |
| r-oldrel-macos-arm64 | 1.4.0 | OK | ||||
| r-oldrel-macos-x86_64 | 1.4.0 | 3.00 | 45.00 | 48.00 | OK | |
| r-oldrel-windows-x86_64 | 1.4.0 | 7.00 | 105.00 | 112.00 | OK |
Version: 1.4.0
Check: CRAN incoming feasibility
Result: NOTE
Maintainer: ‘Barbara Bodinier <barbara.bodinier@gmail.com>’
No Authors@R field in DESCRIPTION.
Please add one, modifying
Authors@R: person(given = "Barbara",
family = "Bodinier",
role = c("aut", "cre"),
email = "barbara.bodinier@gmail.com")
as necessary.
The Description field contains
(B Bodinier et al (2021) <arXiv:2106.02521>).
Please refer to arXiv e-prints via their arXiv DOI <doi:10.48550/arXiv.YYMM.NNNNN>.
Flavors: r-devel-linux-x86_64-debian-clang, r-devel-linux-x86_64-debian-gcc