Last updated on 2025-11-24 07:50:00 CET.
| Flavor | Version | Tinstall | Tcheck | Ttotal | Status | Flags |
|---|---|---|---|---|---|---|
| r-devel-linux-x86_64-debian-clang | 1.0.0 | 3.30 | 44.88 | 48.18 | NOTE | |
| r-devel-linux-x86_64-debian-gcc | 1.0.0 | 2.40 | 32.68 | 35.08 | NOTE | |
| r-devel-linux-x86_64-fedora-clang | 1.0.0 | 11.00 | 62.79 | 73.79 | NOTE | |
| r-devel-linux-x86_64-fedora-gcc | 1.0.0 | 14.00 | 58.66 | 72.66 | NOTE | |
| r-devel-windows-x86_64 | 1.0.0 | 7.00 | 56.00 | 63.00 | OK | |
| r-patched-linux-x86_64 | 1.0.0 | 3.51 | 41.28 | 44.79 | OK | |
| r-release-linux-x86_64 | 1.0.0 | 3.01 | 42.21 | 45.22 | OK | |
| r-release-macos-arm64 | 1.0.0 | OK | ||||
| r-release-macos-x86_64 | 1.0.0 | 3.00 | 44.00 | 47.00 | OK | |
| r-release-windows-x86_64 | 1.0.0 | 5.00 | 66.00 | 71.00 | OK | |
| r-oldrel-macos-arm64 | 1.0.0 | OK | ||||
| r-oldrel-macos-x86_64 | 1.0.0 | 3.00 | 32.00 | 35.00 | OK | |
| r-oldrel-windows-x86_64 | 1.0.0 | 7.00 | 68.00 | 75.00 | OK |
Version: 1.0.0
Check: HTML version of manual
Result: NOTE
Found the following HTML validation problems:
factReg.html:618:1 (perGeno.Rd:148): Warning: <script> anchor "MathJax-script" already defined
Flavors: r-devel-linux-x86_64-debian-clang, r-devel-linux-x86_64-debian-gcc, r-devel-linux-x86_64-fedora-clang, r-devel-linux-x86_64-fedora-gcc