Last updated on 2024-05-07 13:51:35 CEST.
Flavor | Version | Tinstall | Tcheck | Ttotal | Status | Flags |
---|---|---|---|---|---|---|
r-devel-linux-x86_64-debian-clang | 0.2 | 2.94 | 35.36 | 38.30 | NOTE | |
r-devel-linux-x86_64-debian-gcc | 0.2 | 2.05 | 25.25 | 27.30 | NOTE | |
r-devel-linux-x86_64-fedora-clang | 0.2 | 47.35 | NOTE | |||
r-devel-linux-x86_64-fedora-gcc | 0.2 | 48.34 | NOTE | |||
r-devel-windows-x86_64 | 0.2 | 4.00 | 49.00 | 53.00 | NOTE | |
r-patched-linux-x86_64 | 0.2 | 3.30 | 33.42 | 36.72 | NOTE | |
r-release-linux-x86_64 | 0.2 | 2.85 | 33.49 | 36.34 | NOTE | |
r-release-macos-arm64 | 0.2 | 16.00 | NOTE | |||
r-release-windows-x86_64 | 0.2 | 3.00 | 49.00 | 52.00 | NOTE | |
r-oldrel-macos-arm64 | 0.2 | 17.00 | NOTE | |||
r-oldrel-macos-x86_64 | 0.2 | 25.00 | NOTE | |||
r-oldrel-windows-x86_64 | 0.2 | 3.00 | 50.00 | 53.00 | NOTE |
Version: 0.2
Check: package subdirectories
Result: NOTE
Problems with news in ‘NEWS.md’:
No news entries found.
Flavors: r-devel-linux-x86_64-debian-clang, r-devel-linux-x86_64-debian-gcc, r-devel-linux-x86_64-fedora-clang, r-devel-linux-x86_64-fedora-gcc, r-devel-windows-x86_64, r-patched-linux-x86_64, r-release-linux-x86_64, r-release-macos-arm64, r-release-windows-x86_64, r-oldrel-macos-arm64, r-oldrel-macos-x86_64, r-oldrel-windows-x86_64