Last updated on 2025-02-21 13:50:49 CET.
Flavor | Version | Tinstall | Tcheck | Ttotal | Status | Flags |
---|---|---|---|---|---|---|
r-devel-linux-x86_64-debian-clang | 4023.84 | 21.20 | 146.83 | 168.03 | OK | |
r-devel-linux-x86_64-debian-gcc | 4023.84 | 15.17 | 99.84 | 115.01 | OK | |
r-devel-linux-x86_64-fedora-clang | 4023.84 | 273.84 | OK | |||
r-devel-linux-x86_64-fedora-gcc | 4023.84 | 254.15 | OK | |||
r-devel-macos-arm64 | 4023.84 | 66.00 | OK | |||
r-devel-macos-x86_64 | 4023.84 | 157.00 | OK | |||
r-devel-windows-x86_64 | 4023.84 | 23.00 | 140.00 | 163.00 | OK | |
r-patched-linux-x86_64 | 4023.84 | 23.96 | 135.92 | 159.88 | NOTE | |
r-release-linux-x86_64 | 4023.84 | 24.17 | 133.64 | 157.81 | NOTE | |
r-release-macos-arm64 | 4023.84 | 63.00 | NOTE | |||
r-release-macos-x86_64 | 4023.84 | 106.00 | NOTE | |||
r-release-windows-x86_64 | 4023.84 | 25.00 | 137.00 | 162.00 | OK | |
r-oldrel-macos-arm64 | 4023.84 | 65.00 | OK | |||
r-oldrel-macos-x86_64 | 4023.84 | 149.00 | OK | |||
r-oldrel-windows-x86_64 | 4023.84 | 32.00 | 161.00 | 193.00 | OK |
Version: 4023.84
Check: package dependencies
Result: NOTE
Package suggested but not available for checking: ‘bcp’
Flavors: r-patched-linux-x86_64, r-release-linux-x86_64, r-release-macos-arm64, r-release-macos-x86_64