Last updated on 2025-11-05 06:51:30 CET.
| Flavor | Version | Tinstall | Tcheck | Ttotal | Status | Flags |
|---|---|---|---|---|---|---|
| r-devel-linux-x86_64-debian-clang | 1.0-8 | 11.61 | 147.80 | 159.41 | NOTE | |
| r-devel-linux-x86_64-debian-gcc | 1.0-8 | 8.09 | 101.85 | 109.94 | NOTE | |
| r-devel-linux-x86_64-fedora-clang | 1.0-8 | 35.00 | 239.82 | 274.82 | OK | |
| r-devel-linux-x86_64-fedora-gcc | 1.0-8 | 27.00 | 256.06 | 283.06 | OK | |
| r-devel-windows-x86_64 | 1.0-8 | 17.00 | 161.00 | 178.00 | OK | |
| r-patched-linux-x86_64 | 1.0-8 | 10.95 | 150.10 | 161.05 | OK | |
| r-release-linux-x86_64 | 1.0-8 | 10.90 | 148.58 | 159.48 | OK | |
| r-release-macos-arm64 | 1.0-8 | 7.00 | 97.00 | 104.00 | OK | |
| r-release-macos-x86_64 | 1.0-8 | 15.00 | 253.00 | 268.00 | OK | |
| r-release-windows-x86_64 | 1.0-8 | 16.00 | 162.00 | 178.00 | OK | |
| r-oldrel-macos-arm64 | 1.0-8 | 6.00 | 80.00 | 86.00 | OK | |
| r-oldrel-macos-x86_64 | 1.0-8 | 8.00 | 133.00 | 141.00 | OK | |
| r-oldrel-windows-x86_64 | 1.0-8 | 19.00 | 203.00 | 222.00 | OK |
Version: 1.0-8
Check: CRAN incoming feasibility
Result: NOTE
Maintainer: ‘Thomas Grubinger <ThomasGrubinger@gmail.com>’
Package CITATION file contains call(s) to old-style personList() or
as.personList(). Please use c() on person objects instead.
Package CITATION file contains call(s) to old-style citEntry(). Please
use bibentry() instead.
Flavors: r-devel-linux-x86_64-debian-clang, r-devel-linux-x86_64-debian-gcc