Last updated on 2025-02-21 13:50:48 CET.
Flavor | Version | Tinstall | Tcheck | Ttotal | Status | Flags |
---|---|---|---|---|---|---|
r-devel-linux-x86_64-debian-clang | 0.8.10 | 0.42 | 1.73 | 2.15 | ERROR | |
r-devel-linux-x86_64-debian-gcc | 0.8.10 | 19.90 | 146.66 | 166.56 | NOTE | |
r-devel-linux-x86_64-fedora-clang | 0.8.10 | 369.65 | NOTE | |||
r-devel-linux-x86_64-fedora-gcc | 0.8.10 | 360.94 | NOTE | |||
r-devel-macos-arm64 | 0.8.10 | 96.00 | NOTE | |||
r-devel-macos-x86_64 | 0.8.10 | 195.00 | NOTE | |||
r-devel-windows-x86_64 | 0.8.10 | 24.00 | 193.00 | 217.00 | NOTE | |
r-patched-linux-x86_64 | 0.8.10 | 22.85 | 195.03 | 217.88 | NOTE | |
r-release-linux-x86_64 | 0.8.10 | 21.97 | 196.38 | 218.35 | NOTE | |
r-release-macos-arm64 | 0.8.10 | 89.00 | NOTE | |||
r-release-macos-x86_64 | 0.8.10 | 128.00 | NOTE | |||
r-release-windows-x86_64 | 0.8.10 | 23.00 | 196.00 | 219.00 | NOTE | |
r-oldrel-macos-arm64 | 0.8.10 | 82.00 | NOTE | |||
r-oldrel-macos-x86_64 | 0.8.10 | 143.00 | NOTE | |||
r-oldrel-windows-x86_64 | 0.8.10 | 24.00 | 237.00 | 261.00 | NOTE |
Version: 0.8.10
Check: package dependencies
Result: ERROR
Package required but not available: ‘rstanarm’
See section ‘The DESCRIPTION file’ in the ‘Writing R Extensions’
manual.
Flavor: r-devel-linux-x86_64-debian-clang
Version: 0.8.10
Check: Rd files
Result: NOTE
checkRd: (-1) Snoring.Rd:21: Escaped LaTeX specials: \&
Flavors: r-devel-linux-x86_64-debian-gcc, r-devel-linux-x86_64-fedora-clang, r-devel-linux-x86_64-fedora-gcc, r-devel-macos-arm64, r-devel-macos-x86_64, r-devel-windows-x86_64, r-patched-linux-x86_64, r-release-linux-x86_64, r-release-macos-arm64, r-release-macos-x86_64, r-release-windows-x86_64, r-oldrel-macos-arm64, r-oldrel-macos-x86_64, r-oldrel-windows-x86_64