Last updated on 2024-05-10 13:49:17 CEST.
Flavor | Version | Tinstall | Tcheck | Ttotal | Status | Flags |
---|---|---|---|---|---|---|
r-devel-linux-x86_64-debian-clang | 1.1.1 | 6.84 | 46.91 | 53.75 | NOTE | |
r-devel-linux-x86_64-debian-gcc | 1.1.1 | 5.89 | 34.06 | 39.95 | NOTE | |
r-devel-linux-x86_64-fedora-clang | 1.1.1 | 68.63 | NOTE | |||
r-devel-linux-x86_64-fedora-gcc | 1.1.1 | 70.43 | NOTE | |||
r-devel-windows-x86_64 | 1.1.1 | 9.00 | 69.00 | 78.00 | NOTE | |
r-patched-linux-x86_64 | 1.1.1 | 9.85 | 43.35 | 53.20 | NOTE | |
r-release-linux-x86_64 | 1.1.1 | 7.09 | 44.95 | 52.04 | NOTE | |
r-release-macos-arm64 | 1.1.1 | 22.00 | NOTE | |||
r-release-windows-x86_64 | 1.1.1 | 10.00 | 67.00 | 77.00 | NOTE | |
r-oldrel-macos-arm64 | 1.1.1 | 23.00 | NOTE | |||
r-oldrel-macos-x86_64 | 1.1.1 | 37.00 | NOTE | |||
r-oldrel-windows-x86_64 | 1.1.1 | 11.00 | 73.00 | 84.00 | NOTE |
Version: 1.1.1
Check: package subdirectories
Result: NOTE
Problems with news in ‘NEWS.md’:
No news entries found.
Flavors: r-devel-linux-x86_64-debian-clang, r-devel-linux-x86_64-debian-gcc, r-devel-linux-x86_64-fedora-clang, r-devel-linux-x86_64-fedora-gcc, r-devel-windows-x86_64, r-patched-linux-x86_64, r-release-linux-x86_64, r-release-macos-arm64, r-release-windows-x86_64, r-oldrel-macos-arm64, r-oldrel-macos-x86_64, r-oldrel-windows-x86_64
Version: 1.1.1
Check: LazyData
Result: NOTE
'LazyData' is specified without a 'data' directory
Flavors: r-devel-linux-x86_64-debian-clang, r-devel-linux-x86_64-debian-gcc, r-devel-linux-x86_64-fedora-clang, r-devel-linux-x86_64-fedora-gcc, r-devel-windows-x86_64, r-patched-linux-x86_64, r-release-linux-x86_64, r-release-macos-arm64, r-release-windows-x86_64, r-oldrel-macos-arm64, r-oldrel-macos-x86_64, r-oldrel-windows-x86_64