CRAN Package Check Results for Package eulerr

Last updated on 2025-06-30 15:49:38 CEST.

Flavor Version Tinstall Tcheck Ttotal Status Flags
r-devel-linux-x86_64-debian-clang 7.0.2 88.04 89.90 177.94 OK
r-devel-linux-x86_64-debian-gcc 7.0.2 58.86 64.70 123.56 OK
r-devel-linux-x86_64-fedora-clang 7.0.2 346.93 OK
r-devel-linux-x86_64-fedora-gcc 7.0.2 295.26 OK
r-devel-windows-x86_64 7.0.2 104.00 121.00 225.00 OK
r-patched-linux-x86_64 OK
r-release-linux-x86_64 7.0.2 85.56 82.77 168.33 OK
r-release-macos-arm64 7.0.2 92.00 OK
r-release-macos-x86_64 7.0.2 118.00 OK
r-release-windows-x86_64 7.0.2 108.00 117.00 225.00 OK
r-oldrel-macos-arm64 7.0.2 81.00 NOTE
r-oldrel-macos-x86_64 7.0.2 150.00 NOTE
r-oldrel-windows-x86_64 7.0.2 124.00 141.00 265.00 OK

Check Details

Version: 7.0.2
Check: installed package size
Result: NOTE installed size is 5.7Mb sub-directories of 1Mb or more: doc 1.3Mb libs 3.6Mb Flavors: r-oldrel-macos-arm64, r-oldrel-macos-x86_64