Last updated on 2025-02-22 12:50:26 CET.
Flavor | Version | Tinstall | Tcheck | Ttotal | Status | Flags |
---|---|---|---|---|---|---|
r-devel-linux-x86_64-debian-clang | 1.2.2 | 17.96 | 81.51 | 99.47 | OK | |
r-devel-linux-x86_64-debian-gcc | 1.2.2 | 13.65 | 60.52 | 74.17 | OK | |
r-devel-linux-x86_64-fedora-clang | 1.2.2 | 185.24 | OK | |||
r-devel-linux-x86_64-fedora-gcc | 1.2.2 | 177.63 | OK | |||
r-devel-macos-arm64 | 1.2.2 | 51.00 | OK | |||
r-devel-macos-x86_64 | 1.2.2 | 122.00 | OK | |||
r-devel-windows-x86_64 | 1.2.2 | 21.00 | 242.00 | 263.00 | OK | |
r-patched-linux-x86_64 | 1.2.2 | 18.66 | 82.05 | 100.71 | NOTE | |
r-release-linux-x86_64 | 1.2.2 | 18.77 | 82.25 | 101.02 | NOTE | |
r-release-macos-arm64 | 1.2.2 | 42.00 | NOTE | |||
r-release-macos-x86_64 | 1.2.2 | 64.00 | NOTE | |||
r-release-windows-x86_64 | 1.2.2 | 21.00 | 241.00 | 262.00 | NOTE | |
r-oldrel-macos-arm64 | 1.2.2 | 48.00 | NOTE | |||
r-oldrel-macos-x86_64 | 1.2.2 | 87.00 | NOTE | |||
r-oldrel-windows-x86_64 | 1.2.2 | 20.00 | 201.00 | 221.00 | NOTE |
Version: 1.2.2
Check: LazyData
Result: NOTE
'LazyData' is specified without a 'data' directory
Flavors: r-patched-linux-x86_64, r-release-linux-x86_64, r-release-macos-arm64, r-release-macos-x86_64, r-release-windows-x86_64, r-oldrel-macos-arm64, r-oldrel-macos-x86_64, r-oldrel-windows-x86_64