Last updated on 2025-11-04 07:49:52 CET.
| Flavor | Version | Tinstall | Tcheck | Ttotal | Status | Flags | 
|---|---|---|---|---|---|---|
| r-devel-linux-x86_64-debian-clang | 2.0.88 | 34.99 | 269.99 | 304.98 | NOTE | |
| r-devel-linux-x86_64-debian-gcc | 2.0.88 | 21.18 | 173.13 | 194.31 | NOTE | |
| r-devel-linux-x86_64-fedora-clang | 2.0.88 | 77.00 | 390.12 | 467.12 | NOTE | |
| r-devel-linux-x86_64-fedora-gcc | 2.0.88 | 72.00 | 396.99 | 468.99 | NOTE | |
| r-devel-windows-x86_64 | 2.0.88 | 35.00 | 241.00 | 276.00 | NOTE | |
| r-patched-linux-x86_64 | 2.0.88 | 36.56 | 255.70 | 292.26 | OK | |
| r-release-linux-x86_64 | 2.0.88 | 33.18 | 243.16 | 276.34 | OK | |
| r-release-macos-arm64 | 2.0.88 | 15.00 | 95.00 | 110.00 | OK | |
| r-release-macos-x86_64 | 2.0.88 | 38.00 | 243.00 | 281.00 | OK | |
| r-release-windows-x86_64 | 2.0.88 | 38.00 | 243.00 | 281.00 | OK | |
| r-oldrel-macos-arm64 | 2.0.88 | 14.00 | 98.00 | 112.00 | NOTE | |
| r-oldrel-macos-x86_64 | 2.0.88 | 29.00 | 258.00 | 287.00 | NOTE | |
| r-oldrel-windows-x86_64 | 2.0.88 | 49.00 | 314.00 | 363.00 | NOTE | 
Version: 2.0.88
Check: Rd files
Result: NOTE
  checkRd: (-1) epi.2by2.Rd:54-63: Only 4 columns allowed in this table (row 1 has 3)
  checkRd: (-1) epi.2by2.Rd:54-63: Only 4 columns allowed in this table (row 2 has 3)
  checkRd: (-1) epi.2by2.Rd:54-63: Only 4 columns allowed in this table (row 3 has 3)
  checkRd: (-1) epi.2by2.Rd:54-63: Only 4 columns allowed in this table (row 4 has 3)
  checkRd: (-1) epi.2by2.Rd:54-63: Only 4 columns allowed in this table (row 5 has 3)
  checkRd: (-1) epi.2by2.Rd:54-63: Only 4 columns allowed in this table (row 6 has 3)
  checkRd: (-1) epi.2by2.Rd:54-63: Only 4 columns allowed in this table (row 7 has 3)
  checkRd: (-1) epi.2by2.Rd:54-63: Only 4 columns allowed in this table (row 8 has 3)
  checkRd: (-1) rsu.dxtest.Rd:93-103: Only 5 columns allowed in this table (row 1 has 4)
  checkRd: (-1) rsu.dxtest.Rd:93-103: Only 5 columns allowed in this table (row 2 has 4)
  checkRd: (-1) rsu.dxtest.Rd:93-103: Only 5 columns allowed in this table (row 3 has 4)
  checkRd: (-1) rsu.dxtest.Rd:93-103: Only 5 columns allowed in this table (row 4 has 4)
  checkRd: (-1) rsu.dxtest.Rd:93-103: Only 5 columns allowed in this table (row 5 has 4)
  checkRd: (-1) rsu.dxtest.Rd:93-103: Only 5 columns allowed in this table (row 6 has 4)
  checkRd: (-1) rsu.dxtest.Rd:93-103: Only 5 columns allowed in this table (row 7 has 4)
  checkRd: (-1) rsu.dxtest.Rd:93-103: Only 5 columns allowed in this table (row 8 has 4)
  checkRd: (-1) rsu.dxtest.Rd:93-103: Only 5 columns allowed in this table (row 9 has 4)
  checkRd: (-1) rsu.dxtest.Rd:107-117: Only 5 columns allowed in this table (row 1 has 4)
  checkRd: (-1) rsu.dxtest.Rd:107-117: Only 5 columns allowed in this table (row 2 has 4)
  checkRd: (-1) rsu.dxtest.Rd:107-117: Only 5 columns allowed in this table (row 3 has 4)
  checkRd: (-1) rsu.dxtest.Rd:107-117: Only 5 columns allowed in this table (row 4 has 4)
  checkRd: (-1) rsu.dxtest.Rd:107-117: Only 5 columns allowed in this table (row 5 has 4)
  checkRd: (-1) rsu.dxtest.Rd:107-117: Only 5 columns allowed in this table (row 6 has 4)
  checkRd: (-1) rsu.dxtest.Rd:107-117: Only 5 columns allowed in this table (row 7 has 4)
  checkRd: (-1) rsu.dxtest.Rd:107-117: Only 5 columns allowed in this table (row 8 has 4)
  checkRd: (-1) rsu.dxtest.Rd:107-117: Only 5 columns allowed in this table (row 9 has 4)
Flavors: r-devel-linux-x86_64-debian-clang, r-devel-linux-x86_64-debian-gcc, r-devel-linux-x86_64-fedora-clang, r-devel-linux-x86_64-fedora-gcc, r-devel-windows-x86_64
Version: 2.0.88
Check: installed package size
Result: NOTE
    installed size is  6.1Mb
    sub-directories of 1Mb or more:
      doc   4.7Mb
Flavors: r-oldrel-macos-arm64, r-oldrel-macos-x86_64, r-oldrel-windows-x86_64