Last updated on 2025-11-04 07:49:52 CET.
| Flavor | Version | Tinstall | Tcheck | Ttotal | Status | Flags | 
|---|---|---|---|---|---|---|
| r-devel-linux-x86_64-debian-clang | 0.2.0 | 8.59 | 80.71 | 89.30 | NOTE | |
| r-devel-linux-x86_64-debian-gcc | 0.2.0 | 6.00 | 56.47 | 62.47 | NOTE | |
| r-devel-linux-x86_64-fedora-clang | 0.2.0 | 63.00 | 78.52 | 141.52 | NOTE | |
| r-devel-linux-x86_64-fedora-gcc | 0.2.0 | 18.00 | 120.45 | 138.45 | NOTE | |
| r-devel-windows-x86_64 | 0.2.0 | 11.00 | 88.00 | 99.00 | NOTE | |
| r-patched-linux-x86_64 | 0.2.0 | 6.84 | 71.54 | 78.38 | NOTE | |
| r-release-linux-x86_64 | 0.2.0 | 7.98 | 71.12 | 79.10 | NOTE | |
| r-release-macos-arm64 | 0.2.0 | 3.00 | 33.00 | 36.00 | NOTE | |
| r-release-macos-x86_64 | 0.2.0 | 6.00 | 71.00 | 77.00 | NOTE | |
| r-release-windows-x86_64 | 0.2.0 | 10.00 | 87.00 | 97.00 | NOTE | |
| r-oldrel-macos-arm64 | 0.2.0 | 3.00 | 32.00 | 35.00 | NOTE | |
| r-oldrel-macos-x86_64 | 0.2.0 | 6.00 | 53.00 | 59.00 | NOTE | |
| r-oldrel-windows-x86_64 | 0.2.0 | 14.00 | 109.00 | 123.00 | NOTE | 
Version: 0.2.0
Check: DESCRIPTION meta-information
Result: NOTE
    Missing dependency on R >= 4.1.0 because package code uses the pipe
    |> or function shorthand \(...) syntax added in R 4.1.0.
    File(s) using such syntax:
      ‘clean_admin_names.R’ ‘consistency_check.R’ ‘get_admin_names.R’
      ‘handle_outliers.R’ ‘missing_plot.R’
Flavors: r-devel-linux-x86_64-debian-clang, r-devel-linux-x86_64-debian-gcc, r-devel-linux-x86_64-fedora-clang, r-devel-linux-x86_64-fedora-gcc, r-devel-windows-x86_64, r-patched-linux-x86_64, r-release-linux-x86_64, r-release-macos-arm64, r-release-macos-x86_64, r-release-windows-x86_64
Version: 0.2.0
Check: Rd cross-references
Result: NOTE
  Found the following Rd file(s) with Rd \link{} targets missing package
  anchors:
    clean_admin_names.Rd: countrycode
    clean_names_strings.Rd: janitor
    consistency_check.Rd: ggplot2
    export.Rd: rio
    import.Rd: rio
    missing_plot.Rd: ggplot2
  Please provide package anchors for all Rd \link{} targets not in the
  package itself and the base packages.
Flavors: r-devel-linux-x86_64-debian-clang, r-devel-linux-x86_64-debian-gcc, r-devel-windows-x86_64, r-patched-linux-x86_64, r-release-linux-x86_64, r-release-windows-x86_64
Version: 0.2.0
Check: installed package size
Result: NOTE
    installed size is  5.6Mb
    sub-directories of 1Mb or more:
      doc    2.9Mb
      help   2.5Mb
Flavors: r-oldrel-macos-arm64, r-oldrel-macos-x86_64, r-oldrel-windows-x86_64