Last updated on 2025-02-21 13:50:48 CET.
Flavor | Version | Tinstall | Tcheck | Ttotal | Status | Flags |
---|---|---|---|---|---|---|
r-devel-linux-x86_64-debian-clang | 0.7.3 | 3.25 | 35.33 | 38.58 | NOTE | |
r-devel-linux-x86_64-debian-gcc | 0.7.3 | 2.18 | 25.54 | 27.72 | NOTE | |
r-devel-linux-x86_64-fedora-clang | 0.7.3 | 60.39 | NOTE | |||
r-devel-linux-x86_64-fedora-gcc | 0.7.3 | 57.86 | NOTE | |||
r-devel-macos-arm64 | 0.7.3 | 19.00 | OK | |||
r-devel-macos-x86_64 | 0.7.3 | 40.00 | OK | |||
r-devel-windows-x86_64 | 0.7.3 | 4.00 | 59.00 | 63.00 | OK | |
r-patched-linux-x86_64 | 0.7.3 | 2.78 | 32.36 | 35.14 | NOTE | |
r-release-linux-x86_64 | 0.7.3 | 2.72 | 32.65 | 35.37 | NOTE | |
r-release-macos-arm64 | 0.7.3 | 21.00 | OK | |||
r-release-macos-x86_64 | 0.7.3 | 32.00 | OK | |||
r-release-windows-x86_64 | 0.7.3 | 4.00 | 58.00 | 62.00 | OK | |
r-oldrel-macos-arm64 | 0.7.3 | 22.00 | OK | |||
r-oldrel-macos-x86_64 | 0.7.3 | 35.00 | OK | |||
r-oldrel-windows-x86_64 | 0.7.3 | 5.00 | 85.00 | 90.00 | OK |
Version: 0.7.3
Check: for non-standard things in the check directory
Result: NOTE
Found the following files/directories:
‘Net1-fromR.inp’
Flavors: r-devel-linux-x86_64-debian-clang, r-devel-linux-x86_64-debian-gcc, r-devel-linux-x86_64-fedora-clang, r-devel-linux-x86_64-fedora-gcc, r-patched-linux-x86_64, r-release-linux-x86_64