Last updated on 2025-06-30 15:49:38 CEST.
Flavor | Version | Tinstall | Tcheck | Ttotal | Status | Flags |
---|---|---|---|---|---|---|
r-devel-linux-x86_64-debian-clang | 6.1 | 8.62 | 194.34 | 202.96 | NOTE | |
r-devel-linux-x86_64-debian-gcc | 6.1 | 5.82 | 137.65 | 143.47 | NOTE | |
r-devel-linux-x86_64-fedora-clang | 6.1 | 301.15 | OK | |||
r-devel-linux-x86_64-fedora-gcc | 6.1 | 350.67 | OK | |||
r-devel-windows-x86_64 | 6.1 | 11.00 | 217.00 | 228.00 | OK | |
r-patched-linux-x86_64 | OK | |||||
r-release-linux-x86_64 | 6.1 | 8.68 | 185.19 | 193.87 | OK | |
r-release-macos-arm64 | 6.1 | 100.00 | OK | |||
r-release-macos-x86_64 | 6.1 | 253.00 | OK | |||
r-release-windows-x86_64 | 6.1 | 12.00 | 214.00 | 226.00 | OK | |
r-oldrel-macos-arm64 | 6.1 | 97.00 | OK | |||
r-oldrel-macos-x86_64 | 6.1 | 159.00 | OK | |||
r-oldrel-windows-x86_64 | 6.1 | 14.00 | 282.00 | 296.00 | OK |
Version: 6.1
Check: CRAN incoming feasibility
Result: NOTE
Maintainer: ‘Nan Xiao <me@nanx.me>’
Found the following (possibly) invalid file URIs:
URI: CONTRIBUTING.md
From: README.md
URI: CONDUCT.md
From: README.md
Flavors: r-devel-linux-x86_64-debian-clang, r-devel-linux-x86_64-debian-gcc